{"id":110,"date":"2018-02-12T16:36:17","date_gmt":"2018-02-12T15:36:24","guid":{"rendered":"http:\/\/martins4.cyon.link\/stefan\/?page_id=110"},"modified":"2025-12-17T10:22:51","modified_gmt":"2025-12-17T09:22:51","slug":"mittagstisch","status":"publish","type":"page","link":"https:\/\/www.martin-stefan.ch\/martin\/angebote\/gemeinschaft-diakonie\/mittagstisch\/","title":{"rendered":"\u00f6kumenische Mittagstische"},"content":{"rendered":"<p>Z\u00e4me \u00c4sse<br \/>\nEinmal im Monat geniessen Jung und Alt ein feines Men\u00fc. Anmeldung an das Sekretariat der Kath. Pfarrei St. Martin: 052 335 33 52.<\/p>\n<p>\u00d6kum. Mittagstisch f\u00fcr Senior:innen in Hettlingen<br \/>\nAn- oder Abmeldung bis Dienstagmittag beim Sekretariat der ref. Kirche Hettlingen, Telefon 052 301 12 81, E-Mail <a href=\"mailto:ref-hettlingen@ref-hettlingen.ch\" data-cke-saved-href=\"mailto:ref-hettlingen@ref-hettlingen.ch\">ref-hettlingen@ref-hettlingen.ch<\/a><\/p>\n<p><a href=\"https:\/\/www.martin-stefan.ch\/martin\/wp-content\/uploads\/sites\/2\/2025\/12\/Zaeme-Aesse-Daten-2026.pdf\" target=\"_blank\" rel=\"noopener\">Z\u00e4me \u00c4sse Daten 2026<\/a><\/p>\n<p>&nbsp;<\/p>\n<p>&nbsp;<\/p>\n<br \/><div class=\"event_list_wrapper\"><h4>N\u00e4chste Daten<\/h4><div class=\"event_list_item\"><a href=\"https:\/\/www.martin-stefan.ch\/martin\/veranstaltung\/12520\/\"><div class=\"event_date_text\">Dienstag, 5. Mai 2026, 12.00 Uhr<\/div><div class=\"event_title\">Z\u00e4me \u00c4sse - \u00f6kumenischer Mittagstisch<\/div><div class=\"event_location\">Pfarreizentrum St. Martin Seuzach, K\u00fcche<\/div><\/a><\/div><div class=\"event_list_item\"><a href=\"https:\/\/www.martin-stefan.ch\/martin\/veranstaltung\/12521\/\"><div class=\"event_date_text\">Dienstag, 2. Juni 2026, 12.00 Uhr<\/div><div class=\"event_title\">Z\u00e4me \u00c4sse - \u00f6kumenischer Mittagstisch<\/div><div class=\"event_location\">Pfarreizentrum St. Martin Seuzach, K\u00fcche<\/div><\/a><\/div><div class=\"event_list_item\"><a href=\"https:\/\/www.martin-stefan.ch\/martin\/veranstaltung\/12522\/\"><div class=\"event_date_text\">Dienstag, 7. Juli 2026, 12.00 Uhr<\/div><div class=\"event_title\">Z\u00e4me \u00c4sse - \u00f6kumenischer Mittagstisch<\/div><div class=\"event_location\">Pfarreizentrum St. Martin Seuzach, K\u00fcche<\/div><\/a><\/div><div class=\"event_list_item\"><a href=\"https:\/\/www.martin-stefan.ch\/martin\/veranstaltung\/13078\/\"><div class=\"event_date_text\">Dienstag, 1. September 2026, 12.00 Uhr<\/div><div class=\"event_title\">Z\u00e4me \u00c4sse - \u00f6kumenischer Mittagstisch<\/div><div class=\"event_location\">Pfarreizentrum St. Martin Seuzach, K\u00fcche<\/div><\/a><\/div><div class=\"event_list_item\"><a href=\"https:\/\/www.martin-stefan.ch\/martin\/veranstaltung\/13079\/\"><div class=\"event_date_text\">Dienstag, 6. Oktober 2026, 12.00 Uhr<\/div><div class=\"event_title\">Z\u00e4me \u00c4sse - \u00f6kumenischer Mittagstisch<\/div><div class=\"event_location\">Pfarreizentrum St. Martin Seuzach, K\u00fcche<\/div><\/a><\/div><div class=\"event_list_item\"><a href=\"https:\/\/www.martin-stefan.ch\/martin\/veranstaltung\/13080\/\"><div class=\"event_date_text\">Dienstag, 3. November 2026, 12.00 Uhr<\/div><div class=\"event_title\">Z\u00e4me \u00c4sse - \u00f6kumenischer Mittagstisch<\/div><div class=\"event_location\">Pfarreizentrum St. Martin Seuzach, K\u00fcche<\/div><\/a><\/div><div class=\"event_list_item\"><a href=\"https:\/\/www.martin-stefan.ch\/martin\/veranstaltung\/13081\/\"><div class=\"event_date_text\">Dienstag, 1. Dezember 2026, 12.00 Uhr<\/div><div class=\"event_title\">Z\u00e4me \u00c4sse - \u00f6kumenischer Mittagstisch<\/div><div class=\"event_location\">Pfarreizentrum St. Martin Seuzach, K\u00fcche<\/div><\/a><\/div><div class=\"event_list_item\"><a href=\"https:\/\/www.martin-stefan.ch\/martin\/veranstaltung\/13082\/\"><div class=\"event_date_text\">Dienstag, 5. Januar 2027, 12.00 Uhr<\/div><div class=\"event_title\">Z\u00e4me \u00c4sse - \u00f6kumenischer Mittagstisch<\/div><div class=\"event_location\">Pfarreizentrum St. Martin Seuzach, K\u00fcche<\/div><\/a><\/div><\/div>","protected":false},"excerpt":{"rendered":"<p>Z\u00e4me \u00c4sse Einmal im Monat geniessen Jung und Alt ein feines Men\u00fc. [&hellip;]<\/p>\n","protected":false},"author":1,"featured_media":0,"parent":75,"menu_order":5,"comment_status":"closed","ping_status":"closed","template":"","meta":{"_genesis_hide_title":false,"_genesis_hide_breadcrumbs":false,"_genesis_hide_singular_image":false,"_genesis_hide_footer_widgets":false,"_genesis_custom_body_class":"","_genesis_custom_post_class":"","_genesis_layout":"","_expiration-date-status":"","_expiration-date":0,"_expiration-date-type":"","_expiration-date-categories":[],"_expiration-date-options":[]},"_links":{"self":[{"href":"https:\/\/www.martin-stefan.ch\/martin\/wp-json\/wp\/v2\/pages\/110"}],"collection":[{"href":"https:\/\/www.martin-stefan.ch\/martin\/wp-json\/wp\/v2\/pages"}],"about":[{"href":"https:\/\/www.martin-stefan.ch\/martin\/wp-json\/wp\/v2\/types\/page"}],"author":[{"embeddable":true,"href":"https:\/\/www.martin-stefan.ch\/martin\/wp-json\/wp\/v2\/users\/1"}],"replies":[{"embeddable":true,"href":"https:\/\/www.martin-stefan.ch\/martin\/wp-json\/wp\/v2\/comments?post=110"}],"version-history":[{"count":11,"href":"https:\/\/www.martin-stefan.ch\/martin\/wp-json\/wp\/v2\/pages\/110\/revisions"}],"predecessor-version":[{"id":6211,"href":"https:\/\/www.martin-stefan.ch\/martin\/wp-json\/wp\/v2\/pages\/110\/revisions\/6211"}],"up":[{"embeddable":true,"href":"https:\/\/www.martin-stefan.ch\/martin\/wp-json\/wp\/v2\/pages\/75"}],"wp:attachment":[{"href":"https:\/\/www.martin-stefan.ch\/martin\/wp-json\/wp\/v2\/media?parent=110"}],"curies":[{"name":"wp","href":"https:\/\/api.w.org\/{rel}","templated":true}]}}

ökumenische Mittagstische

<p>Zäme Ässe<br />
Einmal im Monat geniessen Jung und Alt ein feines Menü. Anmeldung an das Sekretariat der Kath. Pfarrei St. Martin: 052 335 33 52.</p>
<p>Ökum. Mittagstisch für Senior:innen in Hettlingen<br />
An- oder Abmeldung bis Dienstagmittag beim Sekretariat der ref. Kirche Hettlingen, Telefon 052 301 12 81, E-Mail <a href="mailto:ref-hettlingen@ref-hettlingen.ch" data-cke-saved-href="mailto:ref-hettlingen@ref-hettlingen.ch">ref-hettlingen@ref-hettlingen.ch</a></p>
<p><a href="https://www.martin-stefan.ch/martin/wp-content/uploads/sites/2/2025/12/Zaeme-Aesse-Daten-2026.pdf" target="_blank" rel="noopener">Zäme Ässe Daten 2026</a></p>
<p>&nbsp;</p>
<p>&nbsp;</p>
<br /><div class="event_list_wrapper"><h4>Nächste Daten</h4><div class="event_list_item"><a href="https://www.martin-stefan.ch/martin/veranstaltung/12520/"><div class="event_date_text">Dienstag, 5. Mai 2026, 12.00 Uhr</div><div class="event_title">Zäme Ässe - ökumenischer Mittagstisch</div><div class="event_location">Pfarreizentrum St. Martin Seuzach, Küche</div></a></div><div class="event_list_item"><a href="https://www.martin-stefan.ch/martin/veranstaltung/12521/"><div class="event_date_text">Dienstag, 2. Juni 2026, 12.00 Uhr</div><div class="event_title">Zäme Ässe - ökumenischer Mittagstisch</div><div class="event_location">Pfarreizentrum St. Martin Seuzach, Küche</div></a></div><div class="event_list_item"><a href="https://www.martin-stefan.ch/martin/veranstaltung/12522/"><div class="event_date_text">Dienstag, 7. Juli 2026, 12.00 Uhr</div><div class="event_title">Zäme Ässe - ökumenischer Mittagstisch</div><div class="event_location">Pfarreizentrum St. Martin Seuzach, Küche</div></a></div><div class="event_list_item"><a href="https://www.martin-stefan.ch/martin/veranstaltung/13078/"><div class="event_date_text">Dienstag, 1. September 2026, 12.00 Uhr</div><div class="event_title">Zäme Ässe - ökumenischer Mittagstisch</div><div class="event_location">Pfarreizentrum St. Martin Seuzach, Küche</div></a></div><div class="event_list_item"><a href="https://www.martin-stefan.ch/martin/veranstaltung/13079/"><div class="event_date_text">Dienstag, 6. Oktober 2026, 12.00 Uhr</div><div class="event_title">Zäme Ässe - ökumenischer Mittagstisch</div><div class="event_location">Pfarreizentrum St. Martin Seuzach, Küche</div></a></div><div class="event_list_item"><a href="https://www.martin-stefan.ch/martin/veranstaltung/13080/"><div class="event_date_text">Dienstag, 3. November 2026, 12.00 Uhr</div><div class="event_title">Zäme Ässe - ökumenischer Mittagstisch</div><div class="event_location">Pfarreizentrum St. Martin Seuzach, Küche</div></a></div><div class="event_list_item"><a href="https://www.martin-stefan.ch/martin/veranstaltung/13081/"><div class="event_date_text">Dienstag, 1. Dezember 2026, 12.00 Uhr</div><div class="event_title">Zäme Ässe - ökumenischer Mittagstisch</div><div class="event_location">Pfarreizentrum St. Martin Seuzach, Küche</div></a></div><div class="event_list_item"><a href="https://www.martin-stefan.ch/martin/veranstaltung/13082/"><div class="event_date_text">Dienstag, 5. Januar 2027, 12.00 Uhr</div><div class="event_title">Zäme Ässe - ökumenischer Mittagstisch</div><div class="event_location">Pfarreizentrum St. Martin Seuzach, Küche</div></a></div></div>

<p>Zäme Ässe Einmal im Monat geniessen Jung und Alt ein feines Menü. [&hellip;]</p>
