{"id":164,"date":"2018-02-12T16:53:42","date_gmt":"2018-02-12T15:53:42","guid":{"rendered":"http:\/\/martins4.cyon.link\/stefan\/?page_id=164"},"modified":"2025-12-03T08:45:56","modified_gmt":"2025-12-03T07:45:56","slug":"taufe","status":"publish","type":"page","link":"https:\/\/www.martin-stefan.ch\/martin\/was-tun-bei\/taufe\/","title":{"rendered":"Taufe"},"content":{"rendered":"<p><img loading=\"lazy\" class=\"alignright wp-image-881 size-medium\" src=\"http:\/\/www.martin-stefan.ch\/martin\/wp-content\/uploads\/sites\/2\/2018\/02\/Taufe-SMS-200x300.jpg\" alt=\"\" width=\"200\" height=\"300\" srcset=\"https:\/\/www.martin-stefan.ch\/martin\/wp-content\/uploads\/sites\/2\/2018\/02\/Taufe-SMS-200x300.jpg 200w, https:\/\/www.martin-stefan.ch\/martin\/wp-content\/uploads\/sites\/2\/2018\/02\/Taufe-SMS.jpg 684w\" sizes=\"(max-width: 200px) 100vw, 200px\" \/><\/p>\n<p style=\"margin: 0cm 0cm 10.8pt 0cm\">Gott nimmt jeden Menschen an und liebt ihn. Durch Jesus Christus hat er uns erl\u00f6st und schenkt uns Anteil an seinem g\u00f6ttlichen Leben. Dieses Leben wird selbst den Tod \u00fcberdauern. In der Taufe wird diese Lebenszusage Gottes gefeiert. Die Taufe ist zudem auch die Feier der Aufnahme in die Gemeinschaft der Kirche.<\/p>\n<p style=\"margin: 0cm 0cm 10.8pt 0cm\">Bei der Taufe giesst der Taufspender dreimal ein wenig Wasser \u00fcber den Kopf des T\u00e4uflings und spricht die Taufformel, die Jesus seinen J\u00fcngern aufgetragen hat: \u00abIch taufe dich im Namen des Vaters und des Sohnes und des Heiligen Geistes.\u00bb<\/p>\n<p style=\"margin: 0cm 0cm 10.8pt 0cm\">Die Taufe ist das erste der sieben Sakramente und die Voraussetzung f\u00fcr den Empfang aller anderen.<\/p>\n<p style=\"margin: 0cm 0cm 10.8pt 0cm\">Wir kennen sowohl die Kindertaufe als auch die Erwachsenentaufe. Da ein Kind noch nicht selbst entscheiden kann, ob es getauft werden m\u00f6chte, legen stellvertretend die Eltern das Taufversprechen ab.<\/p>\n<hr \/>\n<h3>Mehr Infos<\/h3>\n<p><a href=\"https:\/\/www.martin-stefan.ch\/martin\/wp-content\/uploads\/sites\/2\/2020\/02\/Anmeldung-zur-Taufe-Seuzach.pdf\" target=\"_blank\" rel=\"noopener noreferrer\">Formular &#8220;Anmeldung zur Taufe&#8221;<\/a><br \/>\n<a href=\"http:\/\/www.martin-stefan.ch\/martin\/wp-content\/uploads\/sites\/2\/2018\/02\/Erwachsenentaufe-beide.pdf\" target=\"_blank\" rel=\"noopener noreferrer\">Erwachsenentaufe<\/a><br \/>\n<a href=\"http:\/\/www.martin-stefan.ch\/martin\/wp-content\/uploads\/sites\/2\/2018\/02\/Konfessionswechsel_beide.pdf\" target=\"_blank\" rel=\"noopener noreferrer\">Konfessionswechsel<\/a><br \/>\n<a href=\"https:\/\/www.martin-stefan.ch\/martin\/wp-content\/uploads\/sites\/2\/2025\/12\/Taufsonntage-2026.pdf\" target=\"_blank\" rel=\"noopener\">Taufsonntage 2026<\/a><\/p>\n<p>&nbsp;<\/p>\n","protected":false},"excerpt":{"rendered":"<p>Gott nimmt jeden Menschen an und liebt ihn. Durch Jesus Christus hat [&hellip;]<\/p>\n","protected":false},"author":1,"featured_media":0,"parent":16,"menu_order":1,"comment_status":"closed","ping_status":"closed","template":"","meta":{"_genesis_hide_title":false,"_genesis_hide_breadcrumbs":false,"_genesis_hide_singular_image":false,"_genesis_hide_footer_widgets":false,"_genesis_custom_body_class":"","_genesis_custom_post_class":"","_genesis_layout":"","_expiration-date-status":"","_expiration-date":0,"_expiration-date-type":"","_expiration-date-categories":[],"_expiration-date-options":[]},"_links":{"self":[{"href":"https:\/\/www.martin-stefan.ch\/martin\/wp-json\/wp\/v2\/pages\/164"}],"collection":[{"href":"https:\/\/www.martin-stefan.ch\/martin\/wp-json\/wp\/v2\/pages"}],"about":[{"href":"https:\/\/www.martin-stefan.ch\/martin\/wp-json\/wp\/v2\/types\/page"}],"author":[{"embeddable":true,"href":"https:\/\/www.martin-stefan.ch\/martin\/wp-json\/wp\/v2\/users\/1"}],"replies":[{"embeddable":true,"href":"https:\/\/www.martin-stefan.ch\/martin\/wp-json\/wp\/v2\/comments?post=164"}],"version-history":[{"count":42,"href":"https:\/\/www.martin-stefan.ch\/martin\/wp-json\/wp\/v2\/pages\/164\/revisions"}],"predecessor-version":[{"id":6152,"href":"https:\/\/www.martin-stefan.ch\/martin\/wp-json\/wp\/v2\/pages\/164\/revisions\/6152"}],"up":[{"embeddable":true,"href":"https:\/\/www.martin-stefan.ch\/martin\/wp-json\/wp\/v2\/pages\/16"}],"wp:attachment":[{"href":"https:\/\/www.martin-stefan.ch\/martin\/wp-json\/wp\/v2\/media?parent=164"}],"curies":[{"name":"wp","href":"https:\/\/api.w.org\/{rel}","templated":true}]}}