{"id":172,"date":"2018-02-12T16:55:15","date_gmt":"2018-02-12T15:55:15","guid":{"rendered":"http:\/\/martins4.cyon.link\/stefan\/?page_id=172"},"modified":"2019-10-14T11:40:37","modified_gmt":"2019-10-14T09:40:37","slug":"krankensalbung-seelsorge-fuer-kranke","status":"publish","type":"page","link":"https:\/\/www.martin-stefan.ch\/martin\/was-tun-bei\/krankensalbung-seelsorge-fuer-kranke\/","title":{"rendered":"Krankensalbung \/ Seelsorge f\u00fcr Kranke"},"content":{"rendered":"<p>Durch die Krankensalbung schenkt Christus dem kranken oder alten Menschen Heil. Er st\u00e4rkt ihn, damit er in seinem Leiden nicht mutlos, sondern bef\u00e4higt wird, es mit Geduld und Gottvertrauen zu tragen.<\/p>\n<p>Im Jakobus-Brief (5,14-15) heisst es: \u00abIst einer von euch krank? Dann rufe er die \u00c4ltesten der Gemeinde zu sich; sie sollen Gebete \u00fcber ihn sprechen und ihn im Namen des Herrn mit \u00d6l salben. Das gl\u00e4ubige Gebet wird den Kranken retten, und der Herr wird ihn aufrichten; wenn er S\u00fcnden begangen hat, werden sie ihm vergeben.\u00bb<\/p>\n<p>Der Spender der Krankensalbung, der Priester, salbt mit dem Kranken\u00f6l die Stirn des Kranken und spricht dazu: \u00abDurch diese heilige Salbung helfe dir der Herr in seinem reichen Erbarmen. Er stehe dir bei mit der Kraft des Heiligen Geistes. Amen.\u00bb<br \/>\nDanach salbt er die H\u00e4nde und spricht: \u00abDer Herr, der dich von S\u00fcnden befreit, rette dich, in seiner Gnade richte er dich auf. Amen.\u00bb<\/p>\n<p>Die Salbung geschieht in der Form des Kreuzes. Denn durch sein Leiden, Sterben und Auferstehen hat Jesus Christus Krankheit, Leid und Tod \u00fcberwunden und uns so das Heil erm\u00f6glicht.<\/p>\n<p>Oft bewirkt die Krankensalbung unerkl\u00e4rliche Linderung des Leidens, fast immer aber gr\u00f6ssere Gelassenheit f\u00fcr den bevorstehenden Weg mit und durch die Krankheit, ob er zur Heilung f\u00fchrt oder nicht.<\/p>\n<hr \/>\n<p><a href=\"http:\/\/www.martin-stefan.ch\/martin\/wp-content\/uploads\/sites\/2\/2018\/02\/Seelsorge_fuer_Kranke_beide.pdf\" target=\"_blank\" rel=\"noopener noreferrer\">Seelsorge f\u00fcr Kranke<\/a><br \/>\n<a href=\"http:\/\/www.martin-stefan.ch\/martin\/wp-content\/uploads\/sites\/2\/2018\/02\/Spiritual_Care_Winterthur_Umgebung.pdf\" target=\"_blank\" rel=\"noopener noreferrer\">Spiritual Care f\u00fcr Winterthur und Umgebung<\/a><br \/>\n<a href=\"https:\/\/www.martin-stefan.ch\/martin\/wp-content\/uploads\/sites\/2\/2019\/02\/flyer_Seelorge-Palliative-Team-.pdf\">Seelsorge Palliative-Team<\/a><\/p>\n","protected":false},"excerpt":{"rendered":"<p>Durch die Krankensalbung schenkt Christus dem kranken oder alten Menschen Heil. Er [&hellip;]<\/p>\n","protected":false},"author":1,"featured_media":0,"parent":16,"menu_order":7,"comment_status":"closed","ping_status":"closed","template":"","meta":{"_genesis_hide_title":false,"_genesis_hide_breadcrumbs":false,"_genesis_hide_singular_image":false,"_genesis_hide_footer_widgets":false,"_genesis_custom_body_class":"","_genesis_custom_post_class":"","_genesis_layout":"","_expiration-date-status":"saved","_expiration-date":0,"_expiration-date-type":"","_expiration-date-categories":[],"_expiration-date-options":[]},"_links":{"self":[{"href":"https:\/\/www.martin-stefan.ch\/martin\/wp-json\/wp\/v2\/pages\/172"}],"collection":[{"href":"https:\/\/www.martin-stefan.ch\/martin\/wp-json\/wp\/v2\/pages"}],"about":[{"href":"https:\/\/www.martin-stefan.ch\/martin\/wp-json\/wp\/v2\/types\/page"}],"author":[{"embeddable":true,"href":"https:\/\/www.martin-stefan.ch\/martin\/wp-json\/wp\/v2\/users\/1"}],"replies":[{"embeddable":true,"href":"https:\/\/www.martin-stefan.ch\/martin\/wp-json\/wp\/v2\/comments?post=172"}],"version-history":[{"count":6,"href":"https:\/\/www.martin-stefan.ch\/martin\/wp-json\/wp\/v2\/pages\/172\/revisions"}],"predecessor-version":[{"id":1930,"href":"https:\/\/www.martin-stefan.ch\/martin\/wp-json\/wp\/v2\/pages\/172\/revisions\/1930"}],"up":[{"embeddable":true,"href":"https:\/\/www.martin-stefan.ch\/martin\/wp-json\/wp\/v2\/pages\/16"}],"wp:attachment":[{"href":"https:\/\/www.martin-stefan.ch\/martin\/wp-json\/wp\/v2\/media?parent=172"}],"curies":[{"name":"wp","href":"https:\/\/api.w.org\/{rel}","templated":true}]}}