{"id":211,"date":"2018-02-12T17:34:19","date_gmt":"2018-02-12T16:34:19","guid":{"rendered":"http:\/\/martins4.cyon.link\/stefan\/?page_id=211"},"modified":"2026-01-21T11:28:55","modified_gmt":"2026-01-21T10:28:55","slug":"maennerverein-st-martin","status":"publish","type":"page","link":"https:\/\/www.martin-stefan.ch\/martin\/angebote\/gruppen\/maennerverein-st-martin\/","title":{"rendered":"M\u00e4nnerverein St. Martin"},"content":{"rendered":"<p>Ein M\u00e4nnerverein? In der heutigen Zeit? Doch eher ungew\u00f6hnlich. Und doch z\u00e4hlt der Verein, der es sich zum Ziel gesetzt hat, das Gemeinschaftsleben unserer Pfarrei mit kulturellen, religi\u00f6sen und karitativen Veranstaltungen zu bereichern, \u00fcber 60 Mitglieder. Alle M\u00e4nner, die in unserer Pfarrei wohnen und sich mit dieser verbunden f\u00fchlen, k\u00f6nnen Mitglied unseres Vereins werden, unabh\u00e4ngig von ihrer Konfession. Pflege der Geselligkeit ist bei allen unseren Anl\u00e4ssen, zu welchen jeweils auch unsere Partnerinnen als G\u00e4ste eingeladen sind, gross geschrieben.<\/p>\n<p>Wir organisieren Ausfl\u00fcge, Besichtigungen und kulturelle Anl\u00e4sse, z.B. Theaterauff\u00fchrungen, Museumsbesuche, Stadtbesichtigungen, Betriebsf\u00fchrungen usw. Einer der H\u00f6hepunkte im Jahresprogramm ist die traditionelle zweit\u00e4gige Wanderung im Sommer. Und w\u00e4hrend den Wintermonaten trifft sich der Kochclub und probiert die von den einzelnen Teilnehmern zusammengestellten Men\u00fcvorschl\u00e4ge aus.<\/p>\n<p>Wir unterst\u00fctzen auch Pfarrei- und \u00f6kumenische Anl\u00e4sse und helfen mit beim Organisieren von Suppentag, Muttertag oder Chilef\u00e4scht, aber auch bei der Mitgestaltung der Maiandacht oder Adventsfeier.<\/p>\n<p>Der monatliche Stammtisch im Restaurant Chrebsbach in Seuzach, in der Regel an jedem ersten Donnerstag Vormittag des Monats, erlaubt unseren Mitgliedern, in gem\u00fctlicher Runde Gedanken und Meinungen auszutauschen und \u00fcber Aktuatlit\u00e4ten zu diskutieren.<\/p>\n<p>Es lohnt sich also, einen Blick in das Jahresprogramm zu werfen.<\/p>\n<p>Wenn Sie sich vom &#8220;Geist&#8221; unseres Vereins angesprochen f\u00fchlen und sich f\u00fcr Aktivit\u00e4ten in unserem Programm interessieren, freuen wir uns, Sie als neues Mitglied zu begr\u00fcssen. Schicken Sie uns einfach eine E-Mail und wir nehmen gerne mit Ihnen Kontakt auf.<\/p>\n<hr \/>\n<h3>Mehr Infos:<\/h3>\n<p><a href=\"https:\/\/www.martin-stefan.ch\/martin\/wp-content\/uploads\/sites\/2\/2026\/01\/Jahresprogramm-2026-1.pdf\" target=\"_blank\" rel=\"noopener\">Jahresprogramm 2026<\/a><\/p>\n<p><a href=\"https:\/\/www.martin-stefan.ch\/martin\/wp-content\/uploads\/sites\/2\/2026\/01\/MV-Mitgliederwerbung.pdf\" target=\"_blank\" rel=\"noopener\">MV Mitgliederwerbung<\/a><\/p>\n<br \/><div class=\"event_list_wrapper\"><h4>N\u00e4chste Daten<\/h4><div class=\"event_list_item\"><a href=\"https:\/\/www.martin-stefan.ch\/martin\/veranstaltung\/13251\/\"><div class=\"event_date_text\">Freitag, 24. April 2026, 16.00 Uhr<\/div><div class=\"event_title\">M\u00e4nnerverein: F\u00fchrung Tierspital Z\u00fcrich<\/div><div class=\"event_location\">Z\u00fcrich Tierspital<\/div><\/a><\/div><div class=\"event_list_item\"><a href=\"https:\/\/www.martin-stefan.ch\/martin\/veranstaltung\/13068\/\"><div class=\"event_date_text\">Donnerstag, 7. Mai 2026, 10.30 Uhr<\/div><div class=\"event_title\">M\u00e4nnerverein Stammtisch<\/div><div class=\"event_location\">Restaurant Chrebsbach<\/div><\/a><\/div><div class=\"event_list_item\"><a href=\"https:\/\/www.martin-stefan.ch\/martin\/veranstaltung\/13252\/\"><div class=\"event_date_text\">Freitag, 15. Mai 2026, 19.30 Uhr<\/div><div class=\"event_title\">M\u00e4nnerverein: Maiandacht in St. Laurentius<\/div><div class=\"event_location\">Kirche W\u00fclflingen, St. Laurentius<\/div><\/a><\/div><div class=\"event_list_item\"><a href=\"https:\/\/www.martin-stefan.ch\/martin\/veranstaltung\/13069\/\"><div class=\"event_date_text\">Donnerstag, 4. Juni 2026, 10.30 Uhr<\/div><div class=\"event_title\">M\u00e4nnerverein Stammtisch<\/div><div class=\"event_location\">Restaurant Chrebsbach<\/div><\/a><\/div><div class=\"event_list_item\"><a href=\"https:\/\/www.martin-stefan.ch\/martin\/veranstaltung\/13253\/\"><div class=\"event_date_text\">Freitag, 5. Juni 2026, 18.00 Uhr<\/div><div class=\"event_title\">M\u00e4nnerverein: Grillabend Buechew\u00e4ldli<\/div><div class=\"event_location\">Grillplatz Buechew\u00e4ldli<\/div><\/a><\/div><div class=\"event_list_item\"><a href=\"https:\/\/www.martin-stefan.ch\/martin\/veranstaltung\/13070\/\"><div class=\"event_date_text\">Donnerstag, 2. Juli 2026, 10.30 Uhr<\/div><div class=\"event_title\">M\u00e4nnerverein Stammtisch<\/div><div class=\"event_location\">Restaurant Chrebsbach<\/div><\/a><\/div><div class=\"event_list_item\"><a href=\"https:\/\/www.martin-stefan.ch\/martin\/veranstaltung\/13254\/\"><div class=\"event_date_text\">Samstag, 18. Juli 2026, 8.08 Uhr<\/div><div class=\"event_title\">M\u00e4nnerverein: Ausflug Glarus<\/div><div class=\"event_location\">Glarus<\/div><\/a><\/div><div class=\"event_list_item\"><a href=\"https:\/\/www.martin-stefan.ch\/martin\/veranstaltung\/13071\/\"><div class=\"event_date_text\">Donnerstag, 6. August 2026, 10.30 Uhr<\/div><div class=\"event_title\">M\u00e4nnerverein Stammtisch<\/div><div class=\"event_location\">Restaurant Chrebsbach<\/div><\/a><\/div><div class=\"event_list_item\"><a href=\"https:\/\/www.martin-stefan.ch\/martin\/veranstaltung\/13072\/\"><div class=\"event_date_text\">Donnerstag, 3. September 2026, 10.30 Uhr<\/div><div class=\"event_title\">M\u00e4nnerverein Stammtisch<\/div><div class=\"event_location\">Restaurant Chrebsbach<\/div><\/a><\/div><div class=\"event_list_item\"><a href=\"https:\/\/www.martin-stefan.ch\/martin\/veranstaltung\/13255\/\"><div class=\"event_date_text\">Samstag, 12. September 2026, 8.08 Uhr<\/div><div class=\"event_title\">M\u00e4nnerverein: Bergwanderung<\/div><div class=\"event_location\">Grenchenberg-Weissenstein<\/div><\/a><\/div><div class=\"event_list_item\"><a href=\"https:\/\/www.martin-stefan.ch\/martin\/veranstaltung\/13073\/\"><div class=\"event_date_text\">Donnerstag, 1. Oktober 2026, 10.30 Uhr<\/div><div class=\"event_title\">M\u00e4nnerverein Stammtisch<\/div><div class=\"event_location\">Restaurant Chrebsbach<\/div><\/a><\/div><div class=\"event_list_item\"><a href=\"https:\/\/www.martin-stefan.ch\/martin\/veranstaltung\/13256\/\"><div class=\"event_date_text\">Mittwoch, 28. Oktober 2026, 16.00 Uhr<\/div><div class=\"event_title\">M\u00e4nnerverein: F\u00fchrung Technorama<\/div><div class=\"event_location\">Winterthur, Technorama<\/div><\/a><\/div><div class=\"event_list_item\"><a href=\"https:\/\/www.martin-stefan.ch\/martin\/veranstaltung\/13074\/\"><div class=\"event_date_text\">Donnerstag, 5. November 2026, 10.30 Uhr<\/div><div class=\"event_title\">M\u00e4nnerverein Stammtisch<\/div><div class=\"event_location\">Restaurant Chrebsbach<\/div><\/a><\/div><div class=\"event_list_item\"><a href=\"https:\/\/www.martin-stefan.ch\/martin\/veranstaltung\/12977\/\"><div class=\"event_date_text\">Freitag, 27. November 2026, 19.30 Uhr<\/div><div class=\"event_title\">M\u00e4nnerverein Filmabend<\/div><div class=\"event_location\">Saal<\/div><\/a><\/div><div class=\"event_list_item\"><a href=\"https:\/\/www.martin-stefan.ch\/martin\/veranstaltung\/13075\/\"><div class=\"event_date_text\">Donnerstag, 3. Dezember 2026, 10.30 Uhr<\/div><div class=\"event_title\">M\u00e4nnerverein Stammtisch<\/div><div class=\"event_location\">Restaurant Chrebsbach<\/div><\/a><\/div><div class=\"event_list_item\"><a href=\"https:\/\/www.martin-stefan.ch\/martin\/veranstaltung\/13046\/\"><div class=\"event_date_text\">Freitag, 4. Dezember 2026, 19.00 Uhr<\/div><div class=\"event_title\">Adventsfeier des M\u00e4nner- und Frauenvereins<\/div><div class=\"event_location\">Kirche St. Martin Seuzach<\/div><\/a><\/div><div class=\"event_list_item\"><a href=\"https:\/\/www.martin-stefan.ch\/martin\/veranstaltung\/13076\/\"><div class=\"event_date_text\">Donnerstag, 7. Januar 2027, 10.30 Uhr<\/div><div class=\"event_title\">M\u00e4nnerverein Stammtisch<\/div><div class=\"event_location\">Restaurant Chrebsbach<\/div><\/a><\/div><div class=\"event_list_item\"><a href=\"https:\/\/www.martin-stefan.ch\/martin\/veranstaltung\/13047\/\"><div class=\"event_date_text\">Freitag, 15. Januar 2027, 19.30 Uhr<\/div><div class=\"event_title\">M\u00e4nnerverein Gemeinschaftsgottdienst<\/div><div class=\"event_location\">Kirche St. Martin Seuzach<\/div><\/a><\/div><div class=\"event_list_item\"><a href=\"https:\/\/www.martin-stefan.ch\/martin\/veranstaltung\/13048\/\"><div class=\"event_date_text\">Freitag, 15. Januar 2027, 20.15 Uhr<\/div><div class=\"event_title\">M\u00e4nnerverein Generalversammlung<\/div><div class=\"event_location\">Saal<\/div><\/a><\/div><\/div>","protected":false},"excerpt":{"rendered":"<p>Ein M\u00e4nnerverein? In der heutigen Zeit? Doch eher ungew\u00f6hnlich. Und doch z\u00e4hlt [&hellip;]<\/p>\n","protected":false},"author":1,"featured_media":0,"parent":204,"menu_order":3,"comment_status":"closed","ping_status":"closed","template":"","meta":{"_genesis_hide_title":false,"_genesis_hide_breadcrumbs":false,"_genesis_hide_singular_image":false,"_genesis_hide_footer_widgets":false,"_genesis_custom_body_class":"","_genesis_custom_post_class":"","_genesis_layout":"","_expiration-date-status":"","_expiration-date":0,"_expiration-date-type":"","_expiration-date-categories":[],"_expiration-date-options":[]},"_links":{"self":[{"href":"https:\/\/www.martin-stefan.ch\/martin\/wp-json\/wp\/v2\/pages\/211"}],"collection":[{"href":"https:\/\/www.martin-stefan.ch\/martin\/wp-json\/wp\/v2\/pages"}],"about":[{"href":"https:\/\/www.martin-stefan.ch\/martin\/wp-json\/wp\/v2\/types\/page"}],"author":[{"embeddable":true,"href":"https:\/\/www.martin-stefan.ch\/martin\/wp-json\/wp\/v2\/users\/1"}],"replies":[{"embeddable":true,"href":"https:\/\/www.martin-stefan.ch\/martin\/wp-json\/wp\/v2\/comments?post=211"}],"version-history":[{"count":25,"href":"https:\/\/www.martin-stefan.ch\/martin\/wp-json\/wp\/v2\/pages\/211\/revisions"}],"predecessor-version":[{"id":6265,"href":"https:\/\/www.martin-stefan.ch\/martin\/wp-json\/wp\/v2\/pages\/211\/revisions\/6265"}],"up":[{"embeddable":true,"href":"https:\/\/www.martin-stefan.ch\/martin\/wp-json\/wp\/v2\/pages\/204"}],"wp:attachment":[{"href":"https:\/\/www.martin-stefan.ch\/martin\/wp-json\/wp\/v2\/media?parent=211"}],"curies":[{"name":"wp","href":"https:\/\/api.w.org\/{rel}","templated":true}]}}