{"id":215,"date":"2018-02-12T17:35:17","date_gmt":"2018-02-12T16:35:28","guid":{"rendered":"http:\/\/martins4.cyon.link\/stefan\/?page_id=215"},"modified":"2019-10-14T11:40:37","modified_gmt":"2019-10-14T09:40:37","slug":"lektoren-und-sigristen","status":"publish","type":"page","link":"https:\/\/www.martin-stefan.ch\/martin\/angebote\/gruppen\/lektoren-und-sigristen\/","title":{"rendered":"Lektoren und Sigristen"},"content":{"rendered":"<div class=\"col-md-2 default-column hidden-xs\">\n<div class=\"csc-header csc-header-n1\">\n<h3 class=\"middle-container\">Lektoren und Kommunionhelfer<\/h3>\n<\/div>\n<p>Seit dem Zweiten Vatikanischen Konzil ist die aktive und t\u00e4tige Teilnahme von Laien in allen Formen von Gottesdiensten erw\u00fcnscht. F\u00fcr den Vortrag der Lesung und der F\u00fcrbitten werden Lektorinnen und Lektoren eingesetzt. Sie teilen auch die heilige Kommunion aus. Es sind Frauen und M\u00e4nner, die Freude am Vorlesen haben und sich gerne aktiv am Gottesdienst beteiligen. Vor der Aufnahme ins Lektoren-\/Kommunionhelfer-Team werden sie in einem Kurs auf diese wichtige Aufgabe vorbereitet und erhalten einen vertieften Einblick in den Sinn und die Gestalt gottesdienstlichen Feierns.<\/p>\n<\/div>\n<h3 class=\"col-md-2 default-column hidden-xs\">Sigristen<\/h3>\n<div class=\"col-md-6 default-column\">\n<p>Da wir keinen hauptamtlichen Sigristen\/Sakristan angestellt haben, \u00fcbernehmen mehrere Freiwillige diesen Dienst. Die Sigristinnen und Sigristen bereiten am Samstag\/Sonntag und an Festtagen alles f\u00fcr die Gottesdienste vor und r\u00e4umen nach der Feier wieder auf. Es ist ein ganz wichtiger Dienst, der geeignet ist f\u00fcr Personen, die gerne am Gottesdienst mitwirken, aber lieber im Hintergrund bleiben m\u00f6chten.<\/p>\n<p>&nbsp;<\/p>\n<p>Wir sind immer wieder auf der Suche nach Lektorinnen\/Lektoren wie auch Sigristinnen\/Sigristen. Falls Ihnen einer dieser Dienste zusagt, freuen wir uns, wenn Sie sich bei uns melden.<\/p>\n<\/div>\n","protected":false},"excerpt":{"rendered":"<p>Lektoren und Kommunionhelfer Seit dem Zweiten Vatikanischen Konzil ist die aktive und [&hellip;]<\/p>\n","protected":false},"author":1,"featured_media":0,"parent":204,"menu_order":0,"comment_status":"closed","ping_status":"closed","template":"","meta":{"_genesis_hide_title":false,"_genesis_hide_breadcrumbs":false,"_genesis_hide_singular_image":false,"_genesis_hide_footer_widgets":false,"_genesis_custom_body_class":"","_genesis_custom_post_class":"","_genesis_layout":"","_expiration-date-status":"","_expiration-date":0,"_expiration-date-type":"","_expiration-date-categories":[],"_expiration-date-options":[]},"_links":{"self":[{"href":"https:\/\/www.martin-stefan.ch\/martin\/wp-json\/wp\/v2\/pages\/215"}],"collection":[{"href":"https:\/\/www.martin-stefan.ch\/martin\/wp-json\/wp\/v2\/pages"}],"about":[{"href":"https:\/\/www.martin-stefan.ch\/martin\/wp-json\/wp\/v2\/types\/page"}],"author":[{"embeddable":true,"href":"https:\/\/www.martin-stefan.ch\/martin\/wp-json\/wp\/v2\/users\/1"}],"replies":[{"embeddable":true,"href":"https:\/\/www.martin-stefan.ch\/martin\/wp-json\/wp\/v2\/comments?post=215"}],"version-history":[{"count":5,"href":"https:\/\/www.martin-stefan.ch\/martin\/wp-json\/wp\/v2\/pages\/215\/revisions"}],"predecessor-version":[{"id":1142,"href":"https:\/\/www.martin-stefan.ch\/martin\/wp-json\/wp\/v2\/pages\/215\/revisions\/1142"}],"up":[{"embeddable":true,"href":"https:\/\/www.martin-stefan.ch\/martin\/wp-json\/wp\/v2\/pages\/204"}],"wp:attachment":[{"href":"https:\/\/www.martin-stefan.ch\/martin\/wp-json\/wp\/v2\/media?parent=215"}],"curies":[{"name":"wp","href":"https:\/\/api.w.org\/{rel}","templated":true}]}}