{"id":270,"date":"2018-02-13T10:36:17","date_gmt":"2018-02-13T09:36:19","guid":{"rendered":"http:\/\/martins4.cyon.link\/stefan\/?page_id=270"},"modified":"2022-11-29T13:56:35","modified_gmt":"2022-11-29T12:56:35","slug":"besuchsdienst","status":"publish","type":"page","link":"https:\/\/www.martin-stefan.ch\/martin\/angebote\/gemeinschaft-diakonie\/besuchsdienst\/","title":{"rendered":"Besuchsdienst"},"content":{"rendered":"<h3>Zeit schenken<\/h3>\n<p>Sowohl in Seuzach als auch in Hettlingen bieten wir einen Besuchsdienst f\u00fcr \u00e4ltere und betagte Mitmenschen an, die gerne einen Besuch w\u00fcnschen. In Seuzach wird der Dienst organisiert von der Pro Senectute Ortsvertretung Seuzach sowie der kath. und ref. Kirche. In Hettlingen bietet die politische Gemeinde zusammen mit der kath. und ref. Kirche diesen Dienst an.<\/p>\n<p>Wir freuen uns, wenn Sie sich melden und einen Besuch w\u00fcnschen. Rufen Sie oder Ihre Angeh\u00f6rigen uns einfach an.<\/p>\n<p><a href=\"https:\/\/www.martin-stefan.ch\/martin\/wp-content\/uploads\/sites\/2\/2019\/09\/Sch\u00f6n-dass-Sie-kommen.pdf\" target=\"_blank\" rel=\"noopener noreferrer\">Wollen Sie Zeit schenken?<\/a><\/p>\n<p>&nbsp;<\/p>\n","protected":false},"excerpt":{"rendered":"<p>Zeit schenken Sowohl in Seuzach als auch in Hettlingen bieten wir einen [&hellip;]<\/p>\n","protected":false},"author":1,"featured_media":0,"parent":75,"menu_order":1,"comment_status":"closed","ping_status":"closed","template":"","meta":{"_genesis_hide_title":false,"_genesis_hide_breadcrumbs":false,"_genesis_hide_singular_image":false,"_genesis_hide_footer_widgets":false,"_genesis_custom_body_class":"","_genesis_custom_post_class":"","_genesis_layout":"","_expiration-date-status":"","_expiration-date":0,"_expiration-date-type":"","_expiration-date-categories":[],"_expiration-date-options":[]},"_links":{"self":[{"href":"https:\/\/www.martin-stefan.ch\/martin\/wp-json\/wp\/v2\/pages\/270"}],"collection":[{"href":"https:\/\/www.martin-stefan.ch\/martin\/wp-json\/wp\/v2\/pages"}],"about":[{"href":"https:\/\/www.martin-stefan.ch\/martin\/wp-json\/wp\/v2\/types\/page"}],"author":[{"embeddable":true,"href":"https:\/\/www.martin-stefan.ch\/martin\/wp-json\/wp\/v2\/users\/1"}],"replies":[{"embeddable":true,"href":"https:\/\/www.martin-stefan.ch\/martin\/wp-json\/wp\/v2\/comments?post=270"}],"version-history":[{"count":11,"href":"https:\/\/www.martin-stefan.ch\/martin\/wp-json\/wp\/v2\/pages\/270\/revisions"}],"predecessor-version":[{"id":3626,"href":"https:\/\/www.martin-stefan.ch\/martin\/wp-json\/wp\/v2\/pages\/270\/revisions\/3626"}],"up":[{"embeddable":true,"href":"https:\/\/www.martin-stefan.ch\/martin\/wp-json\/wp\/v2\/pages\/75"}],"wp:attachment":[{"href":"https:\/\/www.martin-stefan.ch\/martin\/wp-json\/wp\/v2\/media?parent=270"}],"curies":[{"name":"wp","href":"https:\/\/api.w.org\/{rel}","templated":true}]}}

<h3>Zeit schenken</h3>
<p>Sowohl in Seuzach als auch in Hettlingen bieten wir einen Besuchsdienst für ältere und betagte Mitmenschen an, die gerne einen Besuch wünschen. In Seuzach wird der Dienst organisiert von der Pro Senectute Ortsvertretung Seuzach sowie der kath. und ref. Kirche. In Hettlingen bietet die politische Gemeinde zusammen mit der kath. und ref. Kirche diesen Dienst an.</p>
<p>Wir freuen uns, wenn Sie sich melden und einen Besuch wünschen. Rufen Sie oder Ihre Angehörigen uns einfach an.</p>
<p><a href="https://www.martin-stefan.ch/martin/wp-content/uploads/sites/2/2019/09/Schön-dass-Sie-kommen.pdf" target="_blank" rel="noopener noreferrer">Wollen Sie Zeit schenken?</a></p>
<p>&nbsp;</p>
