{"id":391,"date":"2018-02-13T11:37:18","date_gmt":"2018-02-13T10:37:18","guid":{"rendered":"http:\/\/martins4.cyon.link\/stefan\/?page_id=391"},"modified":"2019-10-14T11:40:38","modified_gmt":"2019-10-14T09:40:38","slug":"geschichte-architektur","status":"publish","type":"page","link":"https:\/\/www.martin-stefan.ch\/martin\/ueber-uns\/geschichte-architektur\/","title":{"rendered":"Geschichte \/ Architektur"},"content":{"rendered":"<h3><strong>Architektur und Kunst in St. Martin<\/strong><\/h3>\n<div id=\"c272\" class=\"csc-default\">\n<p>Das Projekt des Kirchbaus an der Reutlingerstrasse begann 1968 mit einem Architekturwettbewerb, den die Architekten Tanner und Loetscher gewannen. Die Kirche selbst und die k\u00fcnstlerische Ausgestaltung durch die K\u00fcnstlerin Ro Studer-Koch sind als Gesamtwerk zu betrachten. Dabei kommt dem Material Beton in seiner Eigenart eine wesentliche Aussagekraft zu.<\/p>\n<p>Das Ziel war, die innere Abh\u00e4ngigkeit von Architektur und Kunst aufzuzeigen und alles Pomp\u00f6se zu vermeiden. Raum und Form ordnen sich dem jeweiligen Geschehen unter. Die Tabernakelwand, als kraftvoll strukturierter, geb\u00fcndelter Pfeiler, tr\u00e4gt das m\u00e4chtige Volumen \u00fcber dem Andachtsraum. Altar und Ambo bilden das Zentrum. In der Fayence (glasierte Tonware) des Taufbeckens gestaltete Robert Choffat einen Spross, in welchem das Kreuz zu erahnen ist. Zw\u00f6lf kr\u00e4ftige, individuell geformte H\u00f6lzer mit Bronzekreuzen symbolisieren die zw\u00f6lf Apostel. Das Vortragskreuz von Josef Caminada nimmt die Farben des grossen Wandteppichs auf, der eigens von Ro Studer-Koch f\u00fcr diesen Raum geschaffen wurde. Darin stellt sie das Licht und die Gnade der Christnacht dar. Das Spiel der Formen und Farben soll die frohe Botschaft \u00abChristus ist geboren, Maria hat uns den Erl\u00f6ser, das Licht der Welt geschenkt\u00bb vermitteln.<\/p>\n<p>Die St. Martin-Statue auf dem Kirchenplatz schenkte sich die Pfarrei zum 25. Jubil\u00e4um. Der K\u00fcnstler Werner Ignaz Jans hat den heiligen Martin in unsere Zeit transferiert. Der Bettler sitzt am Rand des Sockels, kippt beinahe aus der Gesellschaft. Er steht f\u00fcr Arbeitslose, alte Menschen, Fl\u00fcchtlinge, Drogens\u00fcchtige \u2013 sie frieren alle irgendwie. Der heilige Martin zeigt Erbarmen. Er ist vom Ross im Seuzacher Wappen heruntergestiegen und gibt dem Bettler Mantel und Schutz. Daf\u00fcr erh\u00e4lt auch Martin etwas: Das Gl\u00fcck des Gebens. Die Gans aus der Martinslegende rundet die Darstellung ab.<\/p>\n<p><a href=\"https:\/\/www.martin-stefan.ch\/martin\/wp-content\/uploads\/sites\/2\/2018\/03\/Pfarreigeschichte-beide.pdf\" target=\"_blank\" rel=\"noopener noreferrer\">\u00dcbersicht der Geschichte unserer Kirchgemeinde und unserer Pfarrei<\/a><br \/>\n<a href=\"http:\/\/www.martin-stefan.ch\/martin\/wp-content\/uploads\/sites\/2\/2018\/02\/Grundsteinurkunde-SMS.pdf\" target=\"_blank\" rel=\"noopener noreferrer\">Grundsteinurkunde<\/a><\/p>\n<ul>\n<li><a href=\"https:\/\/de.wikipedia.org\/wiki\/St._Martin_(Seuzach)\" target=\"_blank\" rel=\"noopener noreferrer\">Kirche St. Martin auf Wikipedia<\/a><\/li>\n<li><a href=\"https:\/\/www.youtube.com\/watch?v=Tina3ifg3Fk\" target=\"_blank\" rel=\"noopener noreferrer\">Glockengel\u00e4ut Kirche St. Martin<\/a><\/li>\n<\/ul>\n<p>&nbsp;<\/p>\n<\/div>\n<div class=\"csc-default\">\n<div class=\"divider\">\n<hr \/>\n<\/div>\n<\/div>\n<p>&nbsp;<\/p>\n<h3><strong>Kirchenpatrone<\/strong><\/h3>\n<p>Unsere Kirchen wurden nach dem heiligen Martin, dem heiligen Stefan und dem heiligen Josef benannt.<\/p>\n<p>Mehr Informationen finden Sie unter den nachfolgenden Links:<\/p>\n<ul>\n<li><a href=\"https:\/\/www.heiligenlexikon.de\/BiographienM\/Martin_von_Tours.htm\" target=\"_blank\" rel=\"noopener noreferrer\">Heiliger Martin<\/a><\/li>\n<li><a href=\"https:\/\/www.heiligenlexikon.de\/BiographienS\/Stephanus.htm\" target=\"_blank\" rel=\"noopener noreferrer\">Heiliger Stefan<\/a><\/li>\n<li><a href=\"https:\/\/www.heiligenlexikon.de\/BiographienJ\/Joseph_von_Nazareth.htm\" target=\"_blank\" rel=\"noopener noreferrer\">Heiliger Josef<\/a><\/li>\n<\/ul>\n<p>&nbsp;<\/p>\n","protected":false},"excerpt":{"rendered":"<p>Architektur und Kunst in St. Martin Das Projekt des Kirchbaus an der [&hellip;]<\/p>\n","protected":false},"author":1,"featured_media":0,"parent":12,"menu_order":3,"comment_status":"closed","ping_status":"closed","template":"","meta":{"_genesis_hide_title":false,"_genesis_hide_breadcrumbs":false,"_genesis_hide_singular_image":false,"_genesis_hide_footer_widgets":false,"_genesis_custom_body_class":"","_genesis_custom_post_class":"","_genesis_layout":"","_expiration-date-status":"saved","_expiration-date":0,"_expiration-date-type":"","_expiration-date-categories":[],"_expiration-date-options":[]},"_links":{"self":[{"href":"https:\/\/www.martin-stefan.ch\/martin\/wp-json\/wp\/v2\/pages\/391"}],"collection":[{"href":"https:\/\/www.martin-stefan.ch\/martin\/wp-json\/wp\/v2\/pages"}],"about":[{"href":"https:\/\/www.martin-stefan.ch\/martin\/wp-json\/wp\/v2\/types\/page"}],"author":[{"embeddable":true,"href":"https:\/\/www.martin-stefan.ch\/martin\/wp-json\/wp\/v2\/users\/1"}],"replies":[{"embeddable":true,"href":"https:\/\/www.martin-stefan.ch\/martin\/wp-json\/wp\/v2\/comments?post=391"}],"version-history":[{"count":12,"href":"https:\/\/www.martin-stefan.ch\/martin\/wp-json\/wp\/v2\/pages\/391\/revisions"}],"predecessor-version":[{"id":2377,"href":"https:\/\/www.martin-stefan.ch\/martin\/wp-json\/wp\/v2\/pages\/391\/revisions\/2377"}],"up":[{"embeddable":true,"href":"https:\/\/www.martin-stefan.ch\/martin\/wp-json\/wp\/v2\/pages\/12"}],"wp:attachment":[{"href":"https:\/\/www.martin-stefan.ch\/martin\/wp-json\/wp\/v2\/media?parent=391"}],"curies":[{"name":"wp","href":"https:\/\/api.w.org\/{rel}","templated":true}]}}