{"id":96,"date":"2018-02-12T16:33:41","date_gmt":"2018-02-12T15:33:41","guid":{"rendered":"http:\/\/martins4.cyon.link\/stefan\/?page_id=96"},"modified":"2019-10-14T11:40:37","modified_gmt":"2019-10-14T09:40:37","slug":"oekumene","status":"publish","type":"page","link":"https:\/\/www.martin-stefan.ch\/martin\/angebote\/oekumene\/","title":{"rendered":"\u00d6kumene"},"content":{"rendered":"<div id=\"c253\" class=\"csc-default\"><\/div>\n<div id=\"c655\" class=\"csc-default\">\n<p style=\"margin: 0cm 0cm 10.8pt 0cm\">\u00d6kumenische Gottesdienste und Anl\u00e4sse pr\u00e4gen die Zusammenarbeit der reformierten und katholischen Kirchen. Ohne \u00d6kumene ist das kirchliche Leben im Kanton Z\u00fcrich fast nicht mehr denkbar. Auf gut christliche Art arbeiten wir zusammen, wo es sinnvoll und m\u00f6glich ist.<\/p>\n<p style=\"margin: 0cm 0cm 10.8pt 0cm\">In den D\u00f6rfern und Orten unserer Pfarrei haben wir ein vielf\u00e4ltiges Angebot an \u00f6kumenischen Gottesdiensten und auch viele von unserer Pfarrei und der ortsans\u00e4ssigen reformierten Kirchgemeinde miteinander getragene Anl\u00e4sse.<\/p>\n<p>&nbsp;<\/p>\n<\/div>\n<br \/><div class=\"event_list_wrapper\"><h4>N\u00e4chste Daten<\/h4><div class=\"event_list_item\"><a href=\"https:\/\/www.martin-stefan.ch\/martin\/veranstaltung\/12520\/\"><div class=\"event_date_text\">Dienstag, 5. Mai 2026, 12.00 Uhr<\/div><div class=\"event_title\">Z\u00e4me \u00c4sse - \u00f6kumenischer Mittagstisch<\/div><div class=\"event_location\">Pfarreizentrum St. Martin Seuzach, K\u00fcche<\/div><\/a><\/div><div class=\"event_list_item\"><a href=\"https:\/\/www.martin-stefan.ch\/martin\/veranstaltung\/12482\/\"><div class=\"event_date_text\">Samstag, 9. Mai 2026, 10.00 Uhr<\/div><div class=\"event_title\">Fiire mit de Chliine<\/div><div class=\"event_location\">ref. Kirche Seuzach<\/div><\/a><\/div><div class=\"event_list_item\"><a href=\"https:\/\/www.martin-stefan.ch\/martin\/veranstaltung\/12532\/\"><div class=\"event_date_text\">Dienstag, 12. Mai 2026, 14.00 Uhr<\/div><div class=\"event_title\">Kafitr\u00e4ff<\/div><div class=\"event_location\">Saal<\/div><\/a><\/div><div class=\"event_list_item\"><a href=\"https:\/\/www.martin-stefan.ch\/martin\/veranstaltung\/12320\/\"><div class=\"event_date_text\">Donnerstag, 14. Mai 2026, 10.30 Uhr<\/div><div class=\"event_title\">\u00d6kum. Auffahrtsgottesdienst (KC)<\/div><div class=\"event_location\">Tennisplatz Rolli<\/div><\/a><\/div><div class=\"event_list_item\"><a href=\"https:\/\/www.martin-stefan.ch\/martin\/veranstaltung\/13121\/\"><div class=\"event_date_text\">Donnerstag, 28. Mai 2026, 9.00 Uhr<\/div><div class=\"event_title\">Seuzemer Frauezmorge<\/div><div class=\"event_location\">Bibliothek Seuzach<\/div><\/a><\/div><div class=\"event_list_item\"><a href=\"https:\/\/www.martin-stefan.ch\/martin\/veranstaltung\/12521\/\"><div class=\"event_date_text\">Dienstag, 2. Juni 2026, 12.00 Uhr<\/div><div class=\"event_title\">Z\u00e4me \u00c4sse - \u00f6kumenischer Mittagstisch<\/div><div class=\"event_location\">Pfarreizentrum St. Martin Seuzach, K\u00fcche<\/div><\/a><\/div><div class=\"event_list_item\"><a href=\"https:\/\/www.martin-stefan.ch\/martin\/veranstaltung\/12483\/\"><div class=\"event_date_text\">Samstag, 6. Juni 2026, 10.00 Uhr<\/div><div class=\"event_title\">Fiire mit de Chliine<\/div><div class=\"event_location\">Kirche St. Martin Seuzach<\/div><\/a><\/div><div class=\"event_list_item\"><a href=\"https:\/\/www.martin-stefan.ch\/martin\/veranstaltung\/12533\/\"><div class=\"event_date_text\">Dienstag, 9. Juni 2026, 14.00 Uhr<\/div><div class=\"event_title\">Kafitr\u00e4ff<\/div><div class=\"event_location\">Saal<\/div><\/a><\/div><div class=\"event_list_item\"><a href=\"https:\/\/www.martin-stefan.ch\/martin\/veranstaltung\/13376\/\"><div class=\"event_date_text\">Mittwoch, 24. Juni 2026, 8.30 Uhr<\/div><div class=\"event_title\">Frauenverein: Jahresausflug ins Calfeisental<\/div><div class=\"event_location\">Bahnhof Seuzach<\/div><\/a><\/div><div class=\"event_list_item\"><a href=\"https:\/\/www.martin-stefan.ch\/martin\/veranstaltung\/13122\/\"><div class=\"event_date_text\">Donnerstag, 25. Juni 2026, 9.00 Uhr<\/div><div class=\"event_title\">Seuzemer Frauezmorge<\/div><div class=\"event_location\">Zentrum Oberwis Seuzach<\/div><\/a><\/div><div class=\"event_list_item\"><a href=\"https:\/\/www.martin-stefan.ch\/martin\/veranstaltung\/12484\/\"><div class=\"event_date_text\">Samstag, 4. Juli 2026, 10.00 Uhr<\/div><div class=\"event_title\">Fiire mit de Chliine mit Brunch<\/div><div class=\"event_location\">Kirche St. Martin Seuzach<\/div><\/a><\/div><div class=\"event_list_item\"><a href=\"https:\/\/www.martin-stefan.ch\/martin\/veranstaltung\/12522\/\"><div class=\"event_date_text\">Dienstag, 7. Juli 2026, 12.00 Uhr<\/div><div class=\"event_title\">Z\u00e4me \u00c4sse - \u00f6kumenischer Mittagstisch<\/div><div class=\"event_location\">Pfarreizentrum St. Martin Seuzach, K\u00fcche<\/div><\/a><\/div><div class=\"event_list_item\"><a href=\"https:\/\/www.martin-stefan.ch\/martin\/veranstaltung\/12535\/\"><div class=\"event_date_text\">Dienstag, 14. Juli 2026, 14.00 Uhr<\/div><div class=\"event_title\">Kafitr\u00e4ff<\/div><div class=\"event_location\">Saal<\/div><\/a><\/div><div class=\"event_list_item\"><a href=\"https:\/\/www.martin-stefan.ch\/martin\/veranstaltung\/12536\/\"><div class=\"event_date_text\">Dienstag, 11. August 2026, 14.00 Uhr<\/div><div class=\"event_title\">Kafitr\u00e4ff<\/div><div class=\"event_location\">Saal<\/div><\/a><\/div><div class=\"event_list_item\"><a href=\"https:\/\/www.martin-stefan.ch\/martin\/veranstaltung\/13123\/\"><div class=\"event_date_text\">Donnerstag, 27. August 2026, 9.00 Uhr<\/div><div class=\"event_title\">Seuzemer Frauezmorge<\/div><div class=\"event_location\">Zentrum Oberwis Seuzach<\/div><\/a><\/div><div class=\"event_list_item\"><a href=\"https:\/\/www.martin-stefan.ch\/martin\/veranstaltung\/12485\/\"><div class=\"event_date_text\">Samstag, 29. August 2026, 10.00 Uhr<\/div><div class=\"event_title\">Fiire mit de Chliine<\/div><div class=\"event_location\">ref. Kirche Seuzach<\/div><\/a><\/div><div class=\"event_list_item\"><a href=\"https:\/\/www.martin-stefan.ch\/martin\/veranstaltung\/13078\/\"><div class=\"event_date_text\">Dienstag, 1. September 2026, 12.00 Uhr<\/div><div class=\"event_title\">Z\u00e4me \u00c4sse - \u00f6kumenischer Mittagstisch<\/div><div class=\"event_location\">Pfarreizentrum St. Martin Seuzach, K\u00fcche<\/div><\/a><\/div><div class=\"event_list_item\"><a href=\"https:\/\/www.martin-stefan.ch\/martin\/veranstaltung\/12537\/\"><div class=\"event_date_text\">Dienstag, 15. September 2026, 14.00 Uhr<\/div><div class=\"event_title\">Kafitr\u00e4ff<\/div><div class=\"event_location\">Saal<\/div><\/a><\/div><div class=\"event_list_item\"><a href=\"https:\/\/www.martin-stefan.ch\/martin\/veranstaltung\/12189\/\"><div class=\"event_date_text\">Sonntag, 20. September 2026, 10.00 Uhr<\/div><div class=\"event_title\">\u00d6kum. Gottesdienst zum Bettag (KC)<\/div><div class=\"event_location\">ref. Kirche Hettlingen<\/div><\/a><\/div><div class=\"event_list_item\"><a href=\"https:\/\/www.martin-stefan.ch\/martin\/veranstaltung\/13124\/\"><div class=\"event_date_text\">Donnerstag, 24. September 2026, 9.00 Uhr<\/div><div class=\"event_title\">Seuzemer Frauezmorge<\/div><div class=\"event_location\">Zentrum Oberwis Seuzach<\/div><\/a><\/div><div class=\"event_list_item\"><a href=\"https:\/\/www.martin-stefan.ch\/martin\/veranstaltung\/12556\/\"><div class=\"event_date_text\">Samstag, 26. September 2026, 10.00 Uhr<\/div><div class=\"event_title\">Fiire mit de Chliine<\/div><div class=\"event_location\">Kirche St. Martin Seuzach<\/div><\/a><\/div><div class=\"event_list_item\"><a href=\"https:\/\/www.martin-stefan.ch\/martin\/veranstaltung\/13079\/\"><div class=\"event_date_text\">Dienstag, 6. Oktober 2026, 12.00 Uhr<\/div><div class=\"event_title\">Z\u00e4me \u00c4sse - \u00f6kumenischer Mittagstisch<\/div><div class=\"event_location\">Pfarreizentrum St. Martin Seuzach, K\u00fcche<\/div><\/a><\/div><div class=\"event_list_item\"><a href=\"https:\/\/www.martin-stefan.ch\/martin\/veranstaltung\/12538\/\"><div class=\"event_date_text\">Dienstag, 13. Oktober 2026, 14.00 Uhr<\/div><div class=\"event_title\">Kafitr\u00e4ff mit Lotto<\/div><div class=\"event_location\">Saal<\/div><\/a><\/div><div class=\"event_list_item\"><a href=\"https:\/\/www.martin-stefan.ch\/martin\/veranstaltung\/13125\/\"><div class=\"event_date_text\">Donnerstag, 29. Oktober 2026, 9.00 Uhr<\/div><div class=\"event_title\">Seuzemer Frauezmorge<\/div><div class=\"event_location\">Zentrum Oberwis Seuzach<\/div><\/a><\/div><div class=\"event_list_item\"><a href=\"https:\/\/www.martin-stefan.ch\/martin\/veranstaltung\/13080\/\"><div class=\"event_date_text\">Dienstag, 3. November 2026, 12.00 Uhr<\/div><div class=\"event_title\">Z\u00e4me \u00c4sse - \u00f6kumenischer Mittagstisch<\/div><div class=\"event_location\">Pfarreizentrum St. Martin Seuzach, K\u00fcche<\/div><\/a><\/div><div class=\"event_list_item\"><a href=\"https:\/\/www.martin-stefan.ch\/martin\/veranstaltung\/12557\/\"><div class=\"event_date_text\">Samstag, 7. November 2026, 10.00 Uhr<\/div><div class=\"event_title\">Fiire mit de Chliine<\/div><div class=\"event_location\">ref. Kirche Seuzach<\/div><\/a><\/div><div class=\"event_list_item\"><a href=\"https:\/\/www.martin-stefan.ch\/martin\/veranstaltung\/12539\/\"><div class=\"event_date_text\">Dienstag, 17. November 2026, 14.00 Uhr<\/div><div class=\"event_title\">Kafitr\u00e4ff<\/div><div class=\"event_location\">Saal<\/div><\/a><\/div><div class=\"event_list_item\"><a href=\"https:\/\/www.martin-stefan.ch\/martin\/veranstaltung\/12209\/\"><div class=\"event_date_text\">Sonntag, 22. November 2026, 14.30 Uhr<\/div><div class=\"event_title\">\u00d6kum. Gottesdienst zum Totengedenken (BA)<\/div><div class=\"event_location\">Friedhof Seuzach<\/div><\/a><\/div><div class=\"event_list_item\"><a href=\"https:\/\/www.martin-stefan.ch\/martin\/veranstaltung\/13126\/\"><div class=\"event_date_text\">Donnerstag, 26. November 2026, 9.00 Uhr<\/div><div class=\"event_title\">Seuzemer Frauezmorge<\/div><div class=\"event_location\">Zentrum Oberwis Seuzach<\/div><\/a><\/div><div class=\"event_list_item\"><a href=\"https:\/\/www.martin-stefan.ch\/martin\/veranstaltung\/13081\/\"><div class=\"event_date_text\">Dienstag, 1. Dezember 2026, 12.00 Uhr<\/div><div class=\"event_title\">Z\u00e4me \u00c4sse - \u00f6kumenischer Mittagstisch<\/div><div class=\"event_location\">Pfarreizentrum St. Martin Seuzach, K\u00fcche<\/div><\/a><\/div><div class=\"event_list_item\"><a href=\"https:\/\/www.martin-stefan.ch\/martin\/veranstaltung\/12558\/\"><div class=\"event_date_text\">Samstag, 5. Dezember 2026, 10.00 Uhr<\/div><div class=\"event_title\">Fiire mit de Chliine<\/div><div class=\"event_location\">Kirche St. Martin Seuzach<\/div><\/a><\/div><div class=\"event_list_item\"><a href=\"https:\/\/www.martin-stefan.ch\/martin\/veranstaltung\/12540\/\"><div class=\"event_date_text\">Dienstag, 8. Dezember 2026, 14.00 Uhr<\/div><div class=\"event_title\">Kafitr\u00e4ff<\/div><div class=\"event_location\">Saal<\/div><\/a><\/div><div class=\"event_list_item\"><a href=\"https:\/\/www.martin-stefan.ch\/martin\/veranstaltung\/12508\/\"><div class=\"event_date_text\">Donnerstag, 31. Dezember 2026, 18.00 Uhr<\/div><div class=\"event_title\">\u00d6kum. Silvestergottesdienst (EJ)<\/div><div class=\"event_location\">ref. Kirche Seuzach<\/div><\/a><\/div><div class=\"event_list_item\"><a href=\"https:\/\/www.martin-stefan.ch\/martin\/veranstaltung\/13082\/\"><div class=\"event_date_text\">Dienstag, 5. Januar 2027, 12.00 Uhr<\/div><div class=\"event_title\">Z\u00e4me \u00c4sse - \u00f6kumenischer Mittagstisch<\/div><div class=\"event_location\">Pfarreizentrum St. Martin Seuzach, K\u00fcche<\/div><\/a><\/div><div class=\"event_list_item\"><a href=\"https:\/\/www.martin-stefan.ch\/martin\/veranstaltung\/13266\/\"><div class=\"event_date_text\">Mittwoch, 3. M\u00e4rz 2027, 19.00 Uhr<\/div><div class=\"event_title\">\"mitenand\" unterwegs<\/div><div class=\"event_location\">Saal<\/div><\/a><\/div><div class=\"event_list_item\"><a href=\"https:\/\/www.martin-stefan.ch\/martin\/veranstaltung\/13267\/\"><div class=\"event_date_text\">Mittwoch, 10. M\u00e4rz 2027, 19.00 Uhr<\/div><div class=\"event_title\">\"mitenand\" unterwegs<\/div><div class=\"event_location\">Saal<\/div><\/a><\/div><div class=\"event_list_item\"><a href=\"https:\/\/www.martin-stefan.ch\/martin\/veranstaltung\/13268\/\"><div class=\"event_date_text\">Mittwoch, 17. M\u00e4rz 2027, 19.00 Uhr<\/div><div class=\"event_title\">\"mitenand\" unterwegs<\/div><div class=\"event_location\">Saal<\/div><\/a><\/div><\/div>","protected":false},"excerpt":{"rendered":"<p>\u00d6kumenische Gottesdienste und Anl\u00e4sse pr\u00e4gen die Zusammenarbeit der reformierten und katholischen Kirchen. [&hellip;]<\/p>\n","protected":false},"author":1,"featured_media":0,"parent":18,"menu_order":7,"comment_status":"closed","ping_status":"closed","template":"","meta":{"_genesis_hide_title":false,"_genesis_hide_breadcrumbs":false,"_genesis_hide_singular_image":false,"_genesis_hide_footer_widgets":false,"_genesis_custom_body_class":"","_genesis_custom_post_class":"","_genesis_layout":"","_expiration-date-status":"","_expiration-date":0,"_expiration-date-type":"","_expiration-date-categories":[],"_expiration-date-options":[]},"_links":{"self":[{"href":"https:\/\/www.martin-stefan.ch\/martin\/wp-json\/wp\/v2\/pages\/96"}],"collection":[{"href":"https:\/\/www.martin-stefan.ch\/martin\/wp-json\/wp\/v2\/pages"}],"about":[{"href":"https:\/\/www.martin-stefan.ch\/martin\/wp-json\/wp\/v2\/types\/page"}],"author":[{"embeddable":true,"href":"https:\/\/www.martin-stefan.ch\/martin\/wp-json\/wp\/v2\/users\/1"}],"replies":[{"embeddable":true,"href":"https:\/\/www.martin-stefan.ch\/martin\/wp-json\/wp\/v2\/comments?post=96"}],"version-history":[{"count":7,"href":"https:\/\/www.martin-stefan.ch\/martin\/wp-json\/wp\/v2\/pages\/96\/revisions"}],"predecessor-version":[{"id":1138,"href":"https:\/\/www.martin-stefan.ch\/martin\/wp-json\/wp\/v2\/pages\/96\/revisions\/1138"}],"up":[{"embeddable":true,"href":"https:\/\/www.martin-stefan.ch\/martin\/wp-json\/wp\/v2\/pages\/18"}],"wp:attachment":[{"href":"https:\/\/www.martin-stefan.ch\/martin\/wp-json\/wp\/v2\/media?parent=96"}],"curies":[{"name":"wp","href":"https:\/\/api.w.org\/{rel}","templated":true}]}}