{"id":98,"date":"2018-02-12T16:33:58","date_gmt":"2018-02-12T15:33:58","guid":{"rendered":"http:\/\/martins4.cyon.link\/stefan\/?page_id=98"},"modified":"2024-12-09T10:59:10","modified_gmt":"2024-12-09T09:59:10","slug":"musik-konzerte","status":"publish","type":"page","link":"https:\/\/www.martin-stefan.ch\/martin\/angebote\/musik-konzerte\/","title":{"rendered":"Musik\/ Chor"},"content":{"rendered":"<p>Musik bildet einen wichtigen Teil des kirchlichen Gemeindelebens. Im Gottesdienst schafft sie Atmosph\u00e4re und \u00f6ffnet die Herzen f\u00fcr das Wort Gottes. Orgel und andere Instrumente begleiten wichtige Stationen und \u00dcberg\u00e4nge des Lebens.<\/p>\n<br \/><div class=\"event_list_wrapper\"><h4>N\u00e4chste Daten<\/h4><div class=\"event_list_item\"><a href=\"https:\/\/www.martin-stefan.ch\/martin\/veranstaltung\/12189\/\"><div class=\"event_date_text\">Sonntag, 20. September 2026, 10.00 Uhr<\/div><div class=\"event_title\">\u00d6kum. Gottesdienst zum Bettag (KC)<\/div><div class=\"event_location\">ref. Kirche Hettlingen<\/div><\/a><\/div><div class=\"event_list_item\"><a href=\"https:\/\/www.martin-stefan.ch\/martin\/veranstaltung\/11767\/\"><div class=\"event_date_text\">Sonntag, 27. September 2026, 17.00 Uhr<\/div><div class=\"event_title\">Jubil\u00e4umskonzert 60 Jahre Kirchenchor<\/div><div class=\"event_location\">Kirche St. Martin Seuzach<\/div><\/a><\/div><div class=\"event_list_item\"><a href=\"https:\/\/www.martin-stefan.ch\/martin\/veranstaltung\/12196\/\"><div class=\"event_date_text\">Sonntag, 8. November 2026, 10.00 Uhr<\/div><div class=\"event_title\">Eucharistiefeier zum Patrozinium (BA\/KC)<\/div><div class=\"event_location\">Kirche St. Martin Seuzach<\/div><\/a><\/div><\/div>","protected":false},"excerpt":{"rendered":"<p>Musik bildet einen wichtigen Teil des kirchlichen Gemeindelebens. Im Gottesdienst schafft sie [&hellip;]<\/p>\n","protected":false},"author":1,"featured_media":0,"parent":18,"menu_order":8,"comment_status":"closed","ping_status":"closed","template":"","meta":{"_genesis_hide_title":false,"_genesis_hide_breadcrumbs":false,"_genesis_hide_singular_image":false,"_genesis_hide_footer_widgets":false,"_genesis_custom_body_class":"","_genesis_custom_post_class":"","_genesis_layout":"","_expiration-date-status":"","_expiration-date":0,"_expiration-date-type":"","_expiration-date-categories":[],"_expiration-date-options":[]},"_links":{"self":[{"href":"https:\/\/www.martin-stefan.ch\/martin\/wp-json\/wp\/v2\/pages\/98"}],"collection":[{"href":"https:\/\/www.martin-stefan.ch\/martin\/wp-json\/wp\/v2\/pages"}],"about":[{"href":"https:\/\/www.martin-stefan.ch\/martin\/wp-json\/wp\/v2\/types\/page"}],"author":[{"embeddable":true,"href":"https:\/\/www.martin-stefan.ch\/martin\/wp-json\/wp\/v2\/users\/1"}],"replies":[{"embeddable":true,"href":"https:\/\/www.martin-stefan.ch\/martin\/wp-json\/wp\/v2\/comments?post=98"}],"version-history":[{"count":2,"href":"https:\/\/www.martin-stefan.ch\/martin\/wp-json\/wp\/v2\/pages\/98\/revisions"}],"predecessor-version":[{"id":5476,"href":"https:\/\/www.martin-stefan.ch\/martin\/wp-json\/wp\/v2\/pages\/98\/revisions\/5476"}],"up":[{"embeddable":true,"href":"https:\/\/www.martin-stefan.ch\/martin\/wp-json\/wp\/v2\/pages\/18"}],"wp:attachment":[{"href":"https:\/\/www.martin-stefan.ch\/martin\/wp-json\/wp\/v2\/media?parent=98"}],"curies":[{"name":"wp","href":"https:\/\/api.w.org\/{rel}","templated":true}]}}

<p>Musik bildet einen wichtigen Teil des kirchlichen Gemeindelebens. Im Gottesdienst schafft sie Atmosphäre und öffnet die Herzen für das Wort Gottes. Orgel und andere Instrumente begleiten wichtige Stationen und Übergänge des Lebens.</p>
<br /><div class="event_list_wrapper"><h4>Nächste Daten</h4><div class="event_list_item"><a href="https://www.martin-stefan.ch/martin/veranstaltung/12189/"><div class="event_date_text">Sonntag, 20. September 2026, 10.00 Uhr</div><div class="event_title">Ökum. Gottesdienst zum Bettag (KC)</div><div class="event_location">ref. Kirche Hettlingen</div></a></div><div class="event_list_item"><a href="https://www.martin-stefan.ch/martin/veranstaltung/11767/"><div class="event_date_text">Sonntag, 27. September 2026, 17.00 Uhr</div><div class="event_title">Jubiläumskonzert 60 Jahre Kirchenchor</div><div class="event_location">Kirche St. Martin Seuzach</div></a></div><div class="event_list_item"><a href="https://www.martin-stefan.ch/martin/veranstaltung/12196/"><div class="event_date_text">Sonntag, 8. November 2026, 10.00 Uhr</div><div class="event_title">Eucharistiefeier zum Patrozinium (BA/KC)</div><div class="event_location">Kirche St. Martin Seuzach</div></a></div></div>
