{"id":114,"date":"2018-02-12T16:36:48","date_gmt":"2018-02-12T15:36:48","guid":{"rendered":"http:\/\/martins4.cyon.link\/stefan\/?page_id=114"},"modified":"2023-08-02T07:48:46","modified_gmt":"2023-08-02T05:48:46","slug":"freiwillige","status":"publish","type":"page","link":"https:\/\/www.martin-stefan.ch\/stefan\/angebote\/gemeinschaft-diakonie\/freiwillige\/","title":{"rendered":"Freiwillige"},"content":{"rendered":"<p>Freiwillige sind eine wichtige St\u00fctze in unserer Pfarrei und ihr Engagement ist von grosser Bedeutung. Freiwillige tragen mit ihren Talenten zu einem vielf\u00e4ltigen Pfarreileben bei.<\/p>\n<p>Sie m\u00f6chten sich und Ihre Talente einbringen und das Pfarreileben aktiv mitgestalten?<\/p>\n<p>Bei uns k\u00f6nnen Sie sich entfalten, sinnvoll bet\u00e4tigen und Gemeinschaft erleben! Wir sch\u00e4tzen Ihren Erfahrungsreichtum, Ihre Ideen, Ihre Kompetenzen und jede Form der Mitarbeit, sei es in kleinen, kurzen Eins\u00e4tzen oder als verantwortliche Person eines Aufgabengebiets.<\/p>\n<p>Wir bieten Freiwilligen Weiterbildungsm\u00f6glichkeiten an; ausserdem laden wir sie zum j\u00e4hrlichen Dankesessen ein. Sie gewinnen u.a. neue Kontakte, Wertsch\u00e4tzung, Gemeinschaft und eine sinnvolle T\u00e4tigkeit. Bei uns k\u00f6nnen Sie neue Seiten an sich entdecken, lachen, eigene Ideen verwirklichen und ihre Talente entwickeln.<\/p>\n<hr \/>\n<p><a href=\"http:\/\/www.martin-stefan.ch\/stefan\/wp-content\/uploads\/sites\/3\/2018\/02\/Handbuch_Freiwilligenarbeit.pdf\" target=\"_blank\" rel=\"noopener noreferrer\">Handbuch Freiwilligenarbeit<\/a><br \/>\n<a href=\"http:\/\/www.martin-stefan.ch\/stefan\/wp-content\/uploads\/sites\/3\/2018\/02\/2016.05_Ergaenzung_Handbuch_Freiwilligenarbeit.pdf\" target=\"_blank\" rel=\"noopener noreferrer\">Erg\u00e4nzung zum &#8220;Handbuch Freiwilligenarbeit&#8221;<\/a><\/p>\n<br \/>","protected":false},"excerpt":{"rendered":"<p>Freiwillige sind eine wichtige St\u00fctze in unserer Pfarrei und ihr Engagement ist [&hellip;]<\/p>\n","protected":false},"author":1,"featured_media":0,"parent":75,"menu_order":7,"comment_status":"closed","ping_status":"closed","template":"","meta":{"_genesis_hide_title":false,"_genesis_hide_breadcrumbs":false,"_genesis_hide_singular_image":false,"_genesis_hide_footer_widgets":false,"_genesis_custom_body_class":"","_genesis_custom_post_class":"","_genesis_layout":"","_expiration-date-status":"","_expiration-date":0,"_expiration-date-type":"","_expiration-date-categories":[],"_expiration-date-options":[]},"_links":{"self":[{"href":"https:\/\/www.martin-stefan.ch\/stefan\/wp-json\/wp\/v2\/pages\/114"}],"collection":[{"href":"https:\/\/www.martin-stefan.ch\/stefan\/wp-json\/wp\/v2\/pages"}],"about":[{"href":"https:\/\/www.martin-stefan.ch\/stefan\/wp-json\/wp\/v2\/types\/page"}],"author":[{"embeddable":true,"href":"https:\/\/www.martin-stefan.ch\/stefan\/wp-json\/wp\/v2\/users\/1"}],"replies":[{"embeddable":true,"href":"https:\/\/www.martin-stefan.ch\/stefan\/wp-json\/wp\/v2\/comments?post=114"}],"version-history":[{"count":8,"href":"https:\/\/www.martin-stefan.ch\/stefan\/wp-json\/wp\/v2\/pages\/114\/revisions"}],"predecessor-version":[{"id":2007,"href":"https:\/\/www.martin-stefan.ch\/stefan\/wp-json\/wp\/v2\/pages\/114\/revisions\/2007"}],"up":[{"embeddable":true,"href":"https:\/\/www.martin-stefan.ch\/stefan\/wp-json\/wp\/v2\/pages\/75"}],"wp:attachment":[{"href":"https:\/\/www.martin-stefan.ch\/stefan\/wp-json\/wp\/v2\/media?parent=114"}],"curies":[{"name":"wp","href":"https:\/\/api.w.org\/{rel}","templated":true}]}}

<p>Freiwillige sind eine wichtige Stütze in unserer Pfarrei und ihr Engagement ist von grosser Bedeutung. Freiwillige tragen mit ihren Talenten zu einem vielfältigen Pfarreileben bei.</p>
<p>Sie möchten sich und Ihre Talente einbringen und das Pfarreileben aktiv mitgestalten?</p>
<p>Bei uns können Sie sich entfalten, sinnvoll betätigen und Gemeinschaft erleben! Wir schätzen Ihren Erfahrungsreichtum, Ihre Ideen, Ihre Kompetenzen und jede Form der Mitarbeit, sei es in kleinen, kurzen Einsätzen oder als verantwortliche Person eines Aufgabengebiets.</p>
<p>Wir bieten Freiwilligen Weiterbildungsmöglichkeiten an; ausserdem laden wir sie zum jährlichen Dankesessen ein. Sie gewinnen u.a. neue Kontakte, Wertschätzung, Gemeinschaft und eine sinnvolle Tätigkeit. Bei uns können Sie neue Seiten an sich entdecken, lachen, eigene Ideen verwirklichen und ihre Talente entwickeln.</p>
<hr />
<p><a href="http://www.martin-stefan.ch/stefan/wp-content/uploads/sites/3/2018/02/Handbuch_Freiwilligenarbeit.pdf" target="_blank" rel="noopener noreferrer">Handbuch Freiwilligenarbeit</a><br />
<a href="http://www.martin-stefan.ch/stefan/wp-content/uploads/sites/3/2018/02/2016.05_Ergaenzung_Handbuch_Freiwilligenarbeit.pdf" target="_blank" rel="noopener noreferrer">Ergänzung zum &#8220;Handbuch Freiwilligenarbeit&#8221;</a></p>
<br />

<p>Freiwillige sind eine wichtige Stütze in unserer Pfarrei und ihr Engagement ist [&hellip;]</p>
