{"id":116,"date":"2018-02-12T16:37:11","date_gmt":"2018-02-12T15:37:11","guid":{"rendered":"http:\/\/martins4.cyon.link\/stefan\/?page_id=116"},"modified":"2025-07-02T12:12:53","modified_gmt":"2025-07-02T10:12:53","slug":"5-6-klasse","status":"publish","type":"page","link":"https:\/\/www.martin-stefan.ch\/stefan\/angebote\/unterricht\/5-6-klasse\/","title":{"rendered":"5.\/6. Klasse"},"content":{"rendered":"<p>\u00abBlockunti\u00bb ist die Form des Untis in der 5. und 6. Klasse. Neun Mal im Jahr kommt jede Klasse an einem Mittwoch- oder Donnerstagnachmittag zum Unti ins Pfarreizentrum. Jeder Untiblock dauert 2,5 Stunden und steht unter einem anderen Thema: z.B. \u00abSch\u00f6pfung\u00bb, \u00abPsalmen\u00bb, \u00abVorurteile\u00bb, \u00abVorbilder \u2013 Heilige\u00bb, \u00abJesus\u00bb usw. Zum Untijahr geh\u00f6ren auch zwei Familiengottesdienste, die die Sch\u00fcler der 5. und 6. Klasse mitgestalten (Schuler\u00f6ffnungsgottesdienst \/ Gottesdienst am Palmsonntag).<\/p>\n<br \/><div class=\"event_list_wrapper\"><h4>N\u00e4chste Daten<\/h4><div class=\"event_list_item\"><a href=\"https:\/\/www.martin-stefan.ch\/stefan\/veranstaltung\/10911\/\"><div class=\"event_date_text\">Mittwoch, 6. Mai 2026, 13.30 Uhr<\/div><div class=\"event_title\">5.\/6. Klass-Unterricht<\/div><div class=\"event_location\">Saal Pfarreizentrum St. Stefan<\/div><\/a><\/div><div class=\"event_list_item\"><a href=\"https:\/\/www.martin-stefan.ch\/stefan\/veranstaltung\/10892\/\"><div class=\"event_date_text\">Donnerstag, 7. Mai 2026, 15.30 Uhr<\/div><div class=\"event_title\">5.\/6. Klass-Unterricht<\/div><div class=\"event_location\">Saal Pfarreizentrum St. Stefan<\/div><\/a><\/div><div class=\"event_list_item\"><a href=\"https:\/\/www.martin-stefan.ch\/stefan\/veranstaltung\/10912\/\"><div class=\"event_date_text\">Mittwoch, 17. Juni 2026, 12.15 Uhr<\/div><div class=\"event_title\">5.\/6. Klass-Unterricht<\/div><div class=\"event_location\">Saal Pfarreizentrum St. Stefan<\/div><\/a><\/div><div class=\"event_list_item\"><a href=\"https:\/\/www.martin-stefan.ch\/stefan\/veranstaltung\/10862\/\"><div class=\"event_date_text\">Mittwoch, 1. Juli 2026, 14.00 Uhr<\/div><div class=\"event_title\">Vers\u00f6hnungsweg f\u00fcr Unti<\/div><div class=\"event_location\">St. Stefan Wiesendangen<\/div><\/a><\/div><div class=\"event_list_item\"><a href=\"https:\/\/www.martin-stefan.ch\/stefan\/veranstaltung\/12122\/\"><div class=\"event_date_text\">Mittwoch, 19. August 2026, 13.30 Uhr<\/div><div class=\"event_title\">5.\/6. Klass-Unterricht<\/div><div class=\"event_location\">Saal Pfarreizentrum St. Stefan<\/div><\/a><\/div><div class=\"event_list_item\"><a href=\"https:\/\/www.martin-stefan.ch\/stefan\/veranstaltung\/12134\/\"><div class=\"event_date_text\">Mittwoch, 16. September 2026, 13.30 Uhr<\/div><div class=\"event_title\">5.\/6. Klass-Unterricht<\/div><div class=\"event_location\">Saal Pfarreizentrum St. Stefan<\/div><\/a><\/div><div class=\"event_list_item\"><a href=\"https:\/\/www.martin-stefan.ch\/stefan\/veranstaltung\/12142\/\"><div class=\"event_date_text\">Donnerstag, 17. September 2026, 15.30 Uhr<\/div><div class=\"event_title\">5.\/6. Klass-Unterricht<\/div><div class=\"event_location\">Saal Pfarreizentrum St. Stefan<\/div><\/a><\/div><div class=\"event_list_item\"><a href=\"https:\/\/www.martin-stefan.ch\/stefan\/veranstaltung\/12135\/\"><div class=\"event_date_text\">Mittwoch, 28. Oktober 2026, 13.30 Uhr<\/div><div class=\"event_title\">5.\/6. Klass-Unterricht<\/div><div class=\"event_location\">Saal Pfarreizentrum St. Stefan<\/div><\/a><\/div><div class=\"event_list_item\"><a href=\"https:\/\/www.martin-stefan.ch\/stefan\/veranstaltung\/12143\/\"><div class=\"event_date_text\">Donnerstag, 29. Oktober 2026, 15.30 Uhr<\/div><div class=\"event_title\">5.\/6. Klass-Unterricht<\/div><div class=\"event_location\">Saal Pfarreizentrum St. Stefan<\/div><\/a><\/div><div class=\"event_list_item\"><a href=\"https:\/\/www.martin-stefan.ch\/stefan\/veranstaltung\/12136\/\"><div class=\"event_date_text\">Mittwoch, 11. November 2026, 13.30 Uhr<\/div><div class=\"event_title\">5.\/6. Klass-Unterricht<\/div><div class=\"event_location\">Saal Pfarreizentrum St. Stefan<\/div><\/a><\/div><div class=\"event_list_item\"><a href=\"https:\/\/www.martin-stefan.ch\/stefan\/veranstaltung\/12144\/\"><div class=\"event_date_text\">Donnerstag, 12. November 2026, 15.30 Uhr<\/div><div class=\"event_title\">5.\/6. Klass-Unterricht<\/div><div class=\"event_location\">Saal Pfarreizentrum St. Stefan<\/div><\/a><\/div><div class=\"event_list_item\"><a href=\"https:\/\/www.martin-stefan.ch\/stefan\/veranstaltung\/12137\/\"><div class=\"event_date_text\">Mittwoch, 16. Dezember 2026, 13.30 Uhr<\/div><div class=\"event_title\">5.\/6. Klass-Unterricht<\/div><div class=\"event_location\">Saal Pfarreizentrum St. Stefan<\/div><\/a><\/div><div class=\"event_list_item\"><a href=\"https:\/\/www.martin-stefan.ch\/stefan\/veranstaltung\/12145\/\"><div class=\"event_date_text\">Donnerstag, 17. Dezember 2026, 15.30 Uhr<\/div><div class=\"event_title\">5.\/6. Klass-Unterricht<\/div><div class=\"event_location\">Saal Pfarreizentrum St. Stefan<\/div><\/a><\/div><div class=\"event_list_item\"><a href=\"https:\/\/www.martin-stefan.ch\/stefan\/veranstaltung\/12138\/\"><div class=\"event_date_text\">Mittwoch, 13. Januar 2027, 13.30 Uhr<\/div><div class=\"event_title\">5.\/6. Klass-Unterricht<\/div><div class=\"event_location\">Saal Pfarreizentrum St. Stefan<\/div><\/a><\/div><div class=\"event_list_item\"><a href=\"https:\/\/www.martin-stefan.ch\/stefan\/veranstaltung\/12146\/\"><div class=\"event_date_text\">Donnerstag, 14. Januar 2027, 15.30 Uhr<\/div><div class=\"event_title\">5.\/6. Klass-Unterricht<\/div><div class=\"event_location\">Saal Pfarreizentrum St. Stefan<\/div><\/a><\/div><div class=\"event_list_item\"><a href=\"https:\/\/www.martin-stefan.ch\/stefan\/veranstaltung\/12139\/\"><div class=\"event_date_text\">Mittwoch, 10. M\u00e4rz 2027, 13.30 Uhr<\/div><div class=\"event_title\">5.\/6. Klass-Unterricht<\/div><div class=\"event_location\">Saal Pfarreizentrum St. Stefan<\/div><\/a><\/div><div class=\"event_list_item\"><a href=\"https:\/\/www.martin-stefan.ch\/stefan\/veranstaltung\/12147\/\"><div class=\"event_date_text\">Donnerstag, 11. M\u00e4rz 2027, 15.30 Uhr<\/div><div class=\"event_title\">5.\/6. Klass-Unterricht<\/div><div class=\"event_location\">Saal Pfarreizentrum St. Stefan<\/div><\/a><\/div><div class=\"event_list_item\"><a href=\"https:\/\/www.martin-stefan.ch\/stefan\/veranstaltung\/12140\/\"><div class=\"event_date_text\">Mittwoch, 21. April 2027, 13.30 Uhr<\/div><div class=\"event_title\">5.\/6. Klass-Unterricht<\/div><div class=\"event_location\">Saal Pfarreizentrum St. Stefan<\/div><\/a><\/div><div class=\"event_list_item\"><a href=\"https:\/\/www.martin-stefan.ch\/stefan\/veranstaltung\/12148\/\"><div class=\"event_date_text\">Donnerstag, 22. April 2027, 15.30 Uhr<\/div><div class=\"event_title\">5.\/6. Klass-Unterricht<\/div><div class=\"event_location\">Saal Pfarreizentrum St. Stefan<\/div><\/a><\/div><div class=\"event_list_item\"><a href=\"https:\/\/www.martin-stefan.ch\/stefan\/veranstaltung\/12141\/\"><div class=\"event_date_text\">Mittwoch, 23. Juni 2027, 12.30 Uhr<\/div><div class=\"event_title\">5.\/6. Klass-Unterricht<\/div><div class=\"event_location\">Saal Pfarreizentrum St. Stefan<\/div><\/a><\/div><\/div>","protected":false},"excerpt":{"rendered":"<p>\u00abBlockunti\u00bb ist die Form des Untis in der 5. und 6. Klasse. [&hellip;]<\/p>\n","protected":false},"author":1,"featured_media":0,"parent":82,"menu_order":4,"comment_status":"closed","ping_status":"closed","template":"","meta":{"_genesis_hide_title":false,"_genesis_hide_breadcrumbs":false,"_genesis_hide_singular_image":false,"_genesis_hide_footer_widgets":false,"_genesis_custom_body_class":"","_genesis_custom_post_class":"","_genesis_layout":"","_expiration-date-status":"","_expiration-date":0,"_expiration-date-type":"","_expiration-date-categories":[],"_expiration-date-options":[]},"_links":{"self":[{"href":"https:\/\/www.martin-stefan.ch\/stefan\/wp-json\/wp\/v2\/pages\/116"}],"collection":[{"href":"https:\/\/www.martin-stefan.ch\/stefan\/wp-json\/wp\/v2\/pages"}],"about":[{"href":"https:\/\/www.martin-stefan.ch\/stefan\/wp-json\/wp\/v2\/types\/page"}],"author":[{"embeddable":true,"href":"https:\/\/www.martin-stefan.ch\/stefan\/wp-json\/wp\/v2\/users\/1"}],"replies":[{"embeddable":true,"href":"https:\/\/www.martin-stefan.ch\/stefan\/wp-json\/wp\/v2\/comments?post=116"}],"version-history":[{"count":9,"href":"https:\/\/www.martin-stefan.ch\/stefan\/wp-json\/wp\/v2\/pages\/116\/revisions"}],"predecessor-version":[{"id":4709,"href":"https:\/\/www.martin-stefan.ch\/stefan\/wp-json\/wp\/v2\/pages\/116\/revisions\/4709"}],"up":[{"embeddable":true,"href":"https:\/\/www.martin-stefan.ch\/stefan\/wp-json\/wp\/v2\/pages\/82"}],"wp:attachment":[{"href":"https:\/\/www.martin-stefan.ch\/stefan\/wp-json\/wp\/v2\/media?parent=116"}],"curies":[{"name":"wp","href":"https:\/\/api.w.org\/{rel}","templated":true}]}}

<p>«Blockunti» ist die Form des Untis in der 5. und 6. Klasse. Neun Mal im Jahr kommt jede Klasse an einem Mittwoch- oder Donnerstagnachmittag zum Unti ins Pfarreizentrum. Jeder Untiblock dauert 2,5 Stunden und steht unter einem anderen Thema: z.B. «Schöpfung», «Psalmen», «Vorurteile», «Vorbilder – Heilige», «Jesus» usw. Zum Untijahr gehören auch zwei Familiengottesdienste, die die Schüler der 5. und 6. Klasse mitgestalten (Schuleröffnungsgottesdienst / Gottesdienst am Palmsonntag).</p>
<br /><div class="event_list_wrapper"><h4>Nächste Daten</h4><div class="event_list_item"><a href="https://www.martin-stefan.ch/stefan/veranstaltung/10911/"><div class="event_date_text">Mittwoch, 6. Mai 2026, 13.30 Uhr</div><div class="event_title">5./6. Klass-Unterricht</div><div class="event_location">Saal Pfarreizentrum St. Stefan</div></a></div><div class="event_list_item"><a href="https://www.martin-stefan.ch/stefan/veranstaltung/10892/"><div class="event_date_text">Donnerstag, 7. Mai 2026, 15.30 Uhr</div><div class="event_title">5./6. Klass-Unterricht</div><div class="event_location">Saal Pfarreizentrum St. Stefan</div></a></div><div class="event_list_item"><a href="https://www.martin-stefan.ch/stefan/veranstaltung/10912/"><div class="event_date_text">Mittwoch, 17. Juni 2026, 12.15 Uhr</div><div class="event_title">5./6. Klass-Unterricht</div><div class="event_location">Saal Pfarreizentrum St. Stefan</div></a></div><div class="event_list_item"><a href="https://www.martin-stefan.ch/stefan/veranstaltung/10862/"><div class="event_date_text">Mittwoch, 1. Juli 2026, 14.00 Uhr</div><div class="event_title">Versöhnungsweg für Unti</div><div class="event_location">St. Stefan Wiesendangen</div></a></div><div class="event_list_item"><a href="https://www.martin-stefan.ch/stefan/veranstaltung/12122/"><div class="event_date_text">Mittwoch, 19. August 2026, 13.30 Uhr</div><div class="event_title">5./6. Klass-Unterricht</div><div class="event_location">Saal Pfarreizentrum St. Stefan</div></a></div><div class="event_list_item"><a href="https://www.martin-stefan.ch/stefan/veranstaltung/12134/"><div class="event_date_text">Mittwoch, 16. September 2026, 13.30 Uhr</div><div class="event_title">5./6. Klass-Unterricht</div><div class="event_location">Saal Pfarreizentrum St. Stefan</div></a></div><div class="event_list_item"><a href="https://www.martin-stefan.ch/stefan/veranstaltung/12142/"><div class="event_date_text">Donnerstag, 17. September 2026, 15.30 Uhr</div><div class="event_title">5./6. Klass-Unterricht</div><div class="event_location">Saal Pfarreizentrum St. Stefan</div></a></div><div class="event_list_item"><a href="https://www.martin-stefan.ch/stefan/veranstaltung/12135/"><div class="event_date_text">Mittwoch, 28. Oktober 2026, 13.30 Uhr</div><div class="event_title">5./6. Klass-Unterricht</div><div class="event_location">Saal Pfarreizentrum St. Stefan</div></a></div><div class="event_list_item"><a href="https://www.martin-stefan.ch/stefan/veranstaltung/12143/"><div class="event_date_text">Donnerstag, 29. Oktober 2026, 15.30 Uhr</div><div class="event_title">5./6. Klass-Unterricht</div><div class="event_location">Saal Pfarreizentrum St. Stefan</div></a></div><div class="event_list_item"><a href="https://www.martin-stefan.ch/stefan/veranstaltung/12136/"><div class="event_date_text">Mittwoch, 11. November 2026, 13.30 Uhr</div><div class="event_title">5./6. Klass-Unterricht</div><div class="event_location">Saal Pfarreizentrum St. Stefan</div></a></div><div class="event_list_item"><a href="https://www.martin-stefan.ch/stefan/veranstaltung/12144/"><div class="event_date_text">Donnerstag, 12. November 2026, 15.30 Uhr</div><div class="event_title">5./6. Klass-Unterricht</div><div class="event_location">Saal Pfarreizentrum St. Stefan</div></a></div><div class="event_list_item"><a href="https://www.martin-stefan.ch/stefan/veranstaltung/12137/"><div class="event_date_text">Mittwoch, 16. Dezember 2026, 13.30 Uhr</div><div class="event_title">5./6. Klass-Unterricht</div><div class="event_location">Saal Pfarreizentrum St. Stefan</div></a></div><div class="event_list_item"><a href="https://www.martin-stefan.ch/stefan/veranstaltung/12145/"><div class="event_date_text">Donnerstag, 17. Dezember 2026, 15.30 Uhr</div><div class="event_title">5./6. Klass-Unterricht</div><div class="event_location">Saal Pfarreizentrum St. Stefan</div></a></div><div class="event_list_item"><a href="https://www.martin-stefan.ch/stefan/veranstaltung/12138/"><div class="event_date_text">Mittwoch, 13. Januar 2027, 13.30 Uhr</div><div class="event_title">5./6. Klass-Unterricht</div><div class="event_location">Saal Pfarreizentrum St. Stefan</div></a></div><div class="event_list_item"><a href="https://www.martin-stefan.ch/stefan/veranstaltung/12146/"><div class="event_date_text">Donnerstag, 14. Januar 2027, 15.30 Uhr</div><div class="event_title">5./6. Klass-Unterricht</div><div class="event_location">Saal Pfarreizentrum St. Stefan</div></a></div><div class="event_list_item"><a href="https://www.martin-stefan.ch/stefan/veranstaltung/12139/"><div class="event_date_text">Mittwoch, 10. März 2027, 13.30 Uhr</div><div class="event_title">5./6. Klass-Unterricht</div><div class="event_location">Saal Pfarreizentrum St. Stefan</div></a></div><div class="event_list_item"><a href="https://www.martin-stefan.ch/stefan/veranstaltung/12147/"><div class="event_date_text">Donnerstag, 11. März 2027, 15.30 Uhr</div><div class="event_title">5./6. Klass-Unterricht</div><div class="event_location">Saal Pfarreizentrum St. Stefan</div></a></div><div class="event_list_item"><a href="https://www.martin-stefan.ch/stefan/veranstaltung/12140/"><div class="event_date_text">Mittwoch, 21. April 2027, 13.30 Uhr</div><div class="event_title">5./6. Klass-Unterricht</div><div class="event_location">Saal Pfarreizentrum St. Stefan</div></a></div><div class="event_list_item"><a href="https://www.martin-stefan.ch/stefan/veranstaltung/12148/"><div class="event_date_text">Donnerstag, 22. April 2027, 15.30 Uhr</div><div class="event_title">5./6. Klass-Unterricht</div><div class="event_location">Saal Pfarreizentrum St. Stefan</div></a></div><div class="event_list_item"><a href="https://www.martin-stefan.ch/stefan/veranstaltung/12141/"><div class="event_date_text">Mittwoch, 23. Juni 2027, 12.30 Uhr</div><div class="event_title">5./6. Klass-Unterricht</div><div class="event_location">Saal Pfarreizentrum St. Stefan</div></a></div></div>
