{"id":146,"date":"2018-02-12T16:45:03","date_gmt":"2018-02-12T15:45:03","guid":{"rendered":"http:\/\/martins4.cyon.link\/stefan\/?page_id=146"},"modified":"2025-07-02T12:07:54","modified_gmt":"2025-07-02T10:07:54","slug":"1-klasse-hgu","status":"publish","type":"page","link":"https:\/\/www.martin-stefan.ch\/stefan\/angebote\/unterricht\/1-klasse-hgu\/","title":{"rendered":"1. Klasse (HGU)"},"content":{"rendered":"<p><img loading=\"lazy\" class=\"wp-image-482 size-medium alignright\" src=\"http:\/\/www.martin-stefan.ch\/stefan\/wp-content\/uploads\/sites\/3\/2018\/02\/HGU-1-300x238.jpg\" alt=\"\" width=\"300\" height=\"238\" srcset=\"https:\/\/www.martin-stefan.ch\/stefan\/wp-content\/uploads\/sites\/3\/2018\/02\/HGU-1-300x238.jpg 300w, https:\/\/www.martin-stefan.ch\/stefan\/wp-content\/uploads\/sites\/3\/2018\/02\/HGU-1-768x610.jpg 768w, https:\/\/www.martin-stefan.ch\/stefan\/wp-content\/uploads\/sites\/3\/2018\/02\/HGU-1.jpg 823w\" sizes=\"(max-width: 300px) 100vw, 300px\" \/>In kleinen Gruppen werden die Erstkl\u00e4sslerinnen und Erstkl\u00e4ssler von M\u00fcttern unterrichtet. Die Kinder treffen sich im Pfarreizentrum in Wiesendangen, im Pfarreisaal in Rickenbach Sulz oder im Primarschulhaus in Elsau. Beim Spielen, Basteln, Singen und Geschichten h\u00f6ren lernen sie christliche Grundhaltungen wie \u00abTr\u00e4ge h\u00e4lfe\u00bb, \u00abFride mache\u00bb, \u00abNeus L\u00e4be entdecke\u00bb usw.<\/p>\n<hr \/>\n<p><a href=\"https:\/\/www.martin-stefan.ch\/stefan\/wp-content\/uploads\/sites\/3\/2023\/09\/HGU-Erkl\u00e4rung.pdf\" target=\"_blank\" rel=\"noopener noreferrer\">HGU-Erkl\u00e4rung<\/a><\/p>\n<br \/><div class=\"event_list_wrapper\"><h4>N\u00e4chste Daten<\/h4><div class=\"event_list_item\"><a href=\"https:\/\/www.martin-stefan.ch\/stefan\/veranstaltung\/12101\/\"><div class=\"event_date_text\">Samstag, 13. Juni 2026, 9.30 Uhr<\/div><div class=\"event_title\">HGU Infoanlass mit Fr\u00fchst\u00fcck<\/div><div class=\"event_location\">Saal Pfarreizentrum St. Stefan<\/div><\/a><\/div><\/div>","protected":false},"excerpt":{"rendered":"<p>In kleinen Gruppen werden die Erstkl\u00e4sslerinnen und Erstkl\u00e4ssler von M\u00fcttern unterrichtet. Die [&hellip;]<\/p>\n","protected":false},"author":1,"featured_media":482,"parent":82,"menu_order":0,"comment_status":"closed","ping_status":"closed","template":"","meta":{"_genesis_hide_title":false,"_genesis_hide_breadcrumbs":false,"_genesis_hide_singular_image":false,"_genesis_hide_footer_widgets":false,"_genesis_custom_body_class":"","_genesis_custom_post_class":"","_genesis_layout":"","_expiration-date-status":"","_expiration-date":0,"_expiration-date-type":"","_expiration-date-categories":[],"_expiration-date-options":[]},"_links":{"self":[{"href":"https:\/\/www.martin-stefan.ch\/stefan\/wp-json\/wp\/v2\/pages\/146"}],"collection":[{"href":"https:\/\/www.martin-stefan.ch\/stefan\/wp-json\/wp\/v2\/pages"}],"about":[{"href":"https:\/\/www.martin-stefan.ch\/stefan\/wp-json\/wp\/v2\/types\/page"}],"author":[{"embeddable":true,"href":"https:\/\/www.martin-stefan.ch\/stefan\/wp-json\/wp\/v2\/users\/1"}],"replies":[{"embeddable":true,"href":"https:\/\/www.martin-stefan.ch\/stefan\/wp-json\/wp\/v2\/comments?post=146"}],"version-history":[{"count":20,"href":"https:\/\/www.martin-stefan.ch\/stefan\/wp-json\/wp\/v2\/pages\/146\/revisions"}],"predecessor-version":[{"id":4706,"href":"https:\/\/www.martin-stefan.ch\/stefan\/wp-json\/wp\/v2\/pages\/146\/revisions\/4706"}],"up":[{"embeddable":true,"href":"https:\/\/www.martin-stefan.ch\/stefan\/wp-json\/wp\/v2\/pages\/82"}],"wp:featuredmedia":[{"embeddable":true,"href":"https:\/\/www.martin-stefan.ch\/stefan\/wp-json\/wp\/v2\/media\/482"}],"wp:attachment":[{"href":"https:\/\/www.martin-stefan.ch\/stefan\/wp-json\/wp\/v2\/media?parent=146"}],"curies":[{"name":"wp","href":"https:\/\/api.w.org\/{rel}","templated":true}]}}

<p><img loading="lazy" class="wp-image-482 size-medium alignright" src="http://www.martin-stefan.ch/stefan/wp-content/uploads/sites/3/2018/02/HGU-1-300x238.jpg" alt="" width="300" height="238" srcset="https://www.martin-stefan.ch/stefan/wp-content/uploads/sites/3/2018/02/HGU-1-300x238.jpg 300w, https://www.martin-stefan.ch/stefan/wp-content/uploads/sites/3/2018/02/HGU-1-768x610.jpg 768w, https://www.martin-stefan.ch/stefan/wp-content/uploads/sites/3/2018/02/HGU-1.jpg 823w" sizes="(max-width: 300px) 100vw, 300px" />In kleinen Gruppen werden die Erstklässlerinnen und Erstklässler von Müttern unterrichtet. Die Kinder treffen sich im Pfarreizentrum in Wiesendangen, im Pfarreisaal in Rickenbach Sulz oder im Primarschulhaus in Elsau. Beim Spielen, Basteln, Singen und Geschichten hören lernen sie christliche Grundhaltungen wie «Träge hälfe», «Fride mache», «Neus Läbe entdecke» usw.</p>
<hr />
<p><a href="https://www.martin-stefan.ch/stefan/wp-content/uploads/sites/3/2023/09/HGU-Erklärung.pdf" target="_blank" rel="noopener noreferrer">HGU-Erklärung</a></p>
<br /><div class="event_list_wrapper"><h4>Nächste Daten</h4><div class="event_list_item"><a href="https://www.martin-stefan.ch/stefan/veranstaltung/12101/"><div class="event_date_text">Samstag, 13. Juni 2026, 9.30 Uhr</div><div class="event_title">HGU Infoanlass mit Frühstück</div><div class="event_location">Saal Pfarreizentrum St. Stefan</div></a></div></div>

<p>In kleinen Gruppen werden die Erstklässlerinnen und Erstklässler von Müttern unterrichtet. Die [&hellip;]</p>
