{"id":152,"date":"2018-02-12T16:45:40","date_gmt":"2018-02-12T15:45:40","guid":{"rendered":"http:\/\/martins4.cyon.link\/stefan\/?page_id=152"},"modified":"2025-07-02T12:09:55","modified_gmt":"2025-07-02T10:09:55","slug":"4-klasse","status":"publish","type":"page","link":"https:\/\/www.martin-stefan.ch\/stefan\/angebote\/unterricht\/4-klasse\/","title":{"rendered":"4. Klasse"},"content":{"rendered":"<p><img loading=\"lazy\" class=\"alignright wp-image-621 size-medium\" src=\"http:\/\/www.martin-stefan.ch\/stefan\/wp-content\/uploads\/sites\/3\/2018\/02\/F\u00fcr-alle-300x273.jpg\" alt=\"\" width=\"300\" height=\"273\" srcset=\"https:\/\/www.martin-stefan.ch\/stefan\/wp-content\/uploads\/sites\/3\/2018\/02\/F\u00fcr-alle-300x273.jpg 300w, https:\/\/www.martin-stefan.ch\/stefan\/wp-content\/uploads\/sites\/3\/2018\/02\/F\u00fcr-alle.jpg 592w\" sizes=\"(max-width: 300px) 100vw, 300px\" \/>Den zehn Geboten und der Vers\u00f6hnung widmet sich der Religionsunterricht in der vierten Klasse. Ziel ist es, das Gewissen vertieft zu bilden. Auch in der vierten Klasse wird der Unti in zweiw\u00f6chentlichen Doppellektionen erteilt, in Wiesendangen im Pfarreizentrum und in Sulz im Pfarreisaal bzw. in Elsau im Primarschulhaus.<\/p>\n<p>Am Ende des Schuljahres gehen die Kinder einzeln mit einer erwachsenen Begleitperson den Vers\u00f6hnungsweg, der im ganzen Pfarreizentrum in Wiesendangen aufgebaut ist. Die Kinder lernen, dass Vers\u00f6hnung nicht nur darin besteht, ein oberfl\u00e4chliches \u00abEntschuldigung\u00bb zu sagen, sondern dass sie ein Prozess ist, ein Weg, den man gehen muss.<\/p>\n<br \/><div class=\"event_list_wrapper\"><h4>N\u00e4chste Daten<\/h4><div class=\"event_list_item\"><a href=\"https:\/\/www.martin-stefan.ch\/stefan\/veranstaltung\/11161\/\"><div class=\"event_date_text\">Freitag, 8. Mai 2026, 12.00 Uhr<\/div><div class=\"event_title\">4. Klass Religionsunterricht<\/div><div class=\"event_location\">Primarschulhaus Elsau<\/div><\/a><\/div><div class=\"event_list_item\"><a href=\"https:\/\/www.martin-stefan.ch\/stefan\/veranstaltung\/11184\/\"><div class=\"event_date_text\">Dienstag, 12. Mai 2026, 15.40 Uhr<\/div><div class=\"event_title\">4. Klass Religionsunterricht<\/div><div class=\"event_location\">Pfarreizentrum St. Stefan Wiesendangen, Zimmer 2<\/div><\/a><\/div><div class=\"event_list_item\"><a href=\"https:\/\/www.martin-stefan.ch\/stefan\/veranstaltung\/11201\/\"><div class=\"event_date_text\">Mittwoch, 13. Mai 2026, 12.00 Uhr<\/div><div class=\"event_title\">4. Klass Religionsunterricht<\/div><div class=\"event_location\">Pfarreizentrum St. Stefan Wiesendangen, Zimmer 1<\/div><\/a><\/div><div class=\"event_list_item\"><a href=\"https:\/\/www.martin-stefan.ch\/stefan\/veranstaltung\/11185\/\"><div class=\"event_date_text\">Dienstag, 19. Mai 2026, 15.40 Uhr<\/div><div class=\"event_title\">4. Klass Religionsunterricht<\/div><div class=\"event_location\">Pfarreizentrum St. Stefan Wiesendangen, Zimmer 1<\/div><\/a><\/div><div class=\"event_list_item\"><a href=\"https:\/\/www.martin-stefan.ch\/stefan\/veranstaltung\/11202\/\"><div class=\"event_date_text\">Mittwoch, 20. Mai 2026, 12.00 Uhr<\/div><div class=\"event_title\">4. Klass Religionsunterricht<\/div><div class=\"event_location\">Pfarreizentrum St. Stefan Wiesendangen, Zimmer 1<\/div><\/a><\/div><div class=\"event_list_item\"><a href=\"https:\/\/www.martin-stefan.ch\/stefan\/veranstaltung\/11162\/\"><div class=\"event_date_text\">Freitag, 22. Mai 2026, 12.00 Uhr<\/div><div class=\"event_title\">4. Klass Religionsunterricht<\/div><div class=\"event_location\">Primarschulhaus Elsau<\/div><\/a><\/div><div class=\"event_list_item\"><a href=\"https:\/\/www.martin-stefan.ch\/stefan\/veranstaltung\/11203\/\"><div class=\"event_date_text\">Mittwoch, 10. Juni 2026, 12.00 Uhr<\/div><div class=\"event_title\">4. Klass Religionsunterricht<\/div><div class=\"event_location\">Pfarreizentrum St. Stefan Wiesendangen, Zimmer 1<\/div><\/a><\/div><div class=\"event_list_item\"><a href=\"https:\/\/www.martin-stefan.ch\/stefan\/veranstaltung\/11163\/\"><div class=\"event_date_text\">Freitag, 12. Juni 2026, 12.00 Uhr<\/div><div class=\"event_title\">4. Klass Religionsunterricht<\/div><div class=\"event_location\">Primarschulhaus Elsau<\/div><\/a><\/div><div class=\"event_list_item\"><a href=\"https:\/\/www.martin-stefan.ch\/stefan\/veranstaltung\/11186\/\"><div class=\"event_date_text\">Dienstag, 16. Juni 2026, 15.40 Uhr<\/div><div class=\"event_title\">4. Klass Religionsunterricht<\/div><div class=\"event_location\">Pfarreizentrum St. Stefan Wiesendangen, Zimmer 1<\/div><\/a><\/div><div class=\"event_list_item\"><a href=\"https:\/\/www.martin-stefan.ch\/stefan\/veranstaltung\/11204\/\"><div class=\"event_date_text\">Mittwoch, 24. Juni 2026, 12.00 Uhr<\/div><div class=\"event_title\">4. Klass Religionsunterricht<\/div><div class=\"event_location\">Pfarreizentrum St. Stefan Wiesendangen, Zimmer 1<\/div><\/a><\/div><div class=\"event_list_item\"><a href=\"https:\/\/www.martin-stefan.ch\/stefan\/veranstaltung\/11164\/\"><div class=\"event_date_text\">Freitag, 26. Juni 2026, 12.00 Uhr<\/div><div class=\"event_title\">4. Klass Religionsunterricht<\/div><div class=\"event_location\">Primarschulhaus Elsau<\/div><\/a><\/div><div class=\"event_list_item\"><a href=\"https:\/\/www.martin-stefan.ch\/stefan\/veranstaltung\/10862\/\"><div class=\"event_date_text\">Mittwoch, 1. Juli 2026, 14.00 Uhr<\/div><div class=\"event_title\">Vers\u00f6hnungsweg f\u00fcr Unti<\/div><div class=\"event_location\">St. Stefan Wiesendangen<\/div><\/a><\/div><\/div>","protected":false},"excerpt":{"rendered":"<p>Den zehn Geboten und der Vers\u00f6hnung widmet sich der Religionsunterricht in der [&hellip;]<\/p>\n","protected":false},"author":1,"featured_media":0,"parent":82,"menu_order":3,"comment_status":"closed","ping_status":"closed","template":"","meta":{"_genesis_hide_title":false,"_genesis_hide_breadcrumbs":false,"_genesis_hide_singular_image":false,"_genesis_hide_footer_widgets":false,"_genesis_custom_body_class":"","_genesis_custom_post_class":"","_genesis_layout":"","_expiration-date-status":"","_expiration-date":0,"_expiration-date-type":"","_expiration-date-categories":[],"_expiration-date-options":[]},"_links":{"self":[{"href":"https:\/\/www.martin-stefan.ch\/stefan\/wp-json\/wp\/v2\/pages\/152"}],"collection":[{"href":"https:\/\/www.martin-stefan.ch\/stefan\/wp-json\/wp\/v2\/pages"}],"about":[{"href":"https:\/\/www.martin-stefan.ch\/stefan\/wp-json\/wp\/v2\/types\/page"}],"author":[{"embeddable":true,"href":"https:\/\/www.martin-stefan.ch\/stefan\/wp-json\/wp\/v2\/users\/1"}],"replies":[{"embeddable":true,"href":"https:\/\/www.martin-stefan.ch\/stefan\/wp-json\/wp\/v2\/comments?post=152"}],"version-history":[{"count":5,"href":"https:\/\/www.martin-stefan.ch\/stefan\/wp-json\/wp\/v2\/pages\/152\/revisions"}],"predecessor-version":[{"id":4708,"href":"https:\/\/www.martin-stefan.ch\/stefan\/wp-json\/wp\/v2\/pages\/152\/revisions\/4708"}],"up":[{"embeddable":true,"href":"https:\/\/www.martin-stefan.ch\/stefan\/wp-json\/wp\/v2\/pages\/82"}],"wp:attachment":[{"href":"https:\/\/www.martin-stefan.ch\/stefan\/wp-json\/wp\/v2\/media?parent=152"}],"curies":[{"name":"wp","href":"https:\/\/api.w.org\/{rel}","templated":true}]}}

<p><img loading="lazy" class="alignright wp-image-621 size-medium" src="http://www.martin-stefan.ch/stefan/wp-content/uploads/sites/3/2018/02/Für-alle-300x273.jpg" alt="" width="300" height="273" srcset="https://www.martin-stefan.ch/stefan/wp-content/uploads/sites/3/2018/02/Für-alle-300x273.jpg 300w, https://www.martin-stefan.ch/stefan/wp-content/uploads/sites/3/2018/02/Für-alle.jpg 592w" sizes="(max-width: 300px) 100vw, 300px" />Den zehn Geboten und der Versöhnung widmet sich der Religionsunterricht in der vierten Klasse. Ziel ist es, das Gewissen vertieft zu bilden. Auch in der vierten Klasse wird der Unti in zweiwöchentlichen Doppellektionen erteilt, in Wiesendangen im Pfarreizentrum und in Sulz im Pfarreisaal bzw. in Elsau im Primarschulhaus.</p>
<p>Am Ende des Schuljahres gehen die Kinder einzeln mit einer erwachsenen Begleitperson den Versöhnungsweg, der im ganzen Pfarreizentrum in Wiesendangen aufgebaut ist. Die Kinder lernen, dass Versöhnung nicht nur darin besteht, ein oberflächliches «Entschuldigung» zu sagen, sondern dass sie ein Prozess ist, ein Weg, den man gehen muss.</p>
<br /><div class="event_list_wrapper"><h4>Nächste Daten</h4><div class="event_list_item"><a href="https://www.martin-stefan.ch/stefan/veranstaltung/11161/"><div class="event_date_text">Freitag, 8. Mai 2026, 12.00 Uhr</div><div class="event_title">4. Klass Religionsunterricht</div><div class="event_location">Primarschulhaus Elsau</div></a></div><div class="event_list_item"><a href="https://www.martin-stefan.ch/stefan/veranstaltung/11184/"><div class="event_date_text">Dienstag, 12. Mai 2026, 15.40 Uhr</div><div class="event_title">4. Klass Religionsunterricht</div><div class="event_location">Pfarreizentrum St. Stefan Wiesendangen, Zimmer 2</div></a></div><div class="event_list_item"><a href="https://www.martin-stefan.ch/stefan/veranstaltung/11201/"><div class="event_date_text">Mittwoch, 13. Mai 2026, 12.00 Uhr</div><div class="event_title">4. Klass Religionsunterricht</div><div class="event_location">Pfarreizentrum St. Stefan Wiesendangen, Zimmer 1</div></a></div><div class="event_list_item"><a href="https://www.martin-stefan.ch/stefan/veranstaltung/11185/"><div class="event_date_text">Dienstag, 19. Mai 2026, 15.40 Uhr</div><div class="event_title">4. Klass Religionsunterricht</div><div class="event_location">Pfarreizentrum St. Stefan Wiesendangen, Zimmer 1</div></a></div><div class="event_list_item"><a href="https://www.martin-stefan.ch/stefan/veranstaltung/11202/"><div class="event_date_text">Mittwoch, 20. Mai 2026, 12.00 Uhr</div><div class="event_title">4. Klass Religionsunterricht</div><div class="event_location">Pfarreizentrum St. Stefan Wiesendangen, Zimmer 1</div></a></div><div class="event_list_item"><a href="https://www.martin-stefan.ch/stefan/veranstaltung/11162/"><div class="event_date_text">Freitag, 22. Mai 2026, 12.00 Uhr</div><div class="event_title">4. Klass Religionsunterricht</div><div class="event_location">Primarschulhaus Elsau</div></a></div><div class="event_list_item"><a href="https://www.martin-stefan.ch/stefan/veranstaltung/11203/"><div class="event_date_text">Mittwoch, 10. Juni 2026, 12.00 Uhr</div><div class="event_title">4. Klass Religionsunterricht</div><div class="event_location">Pfarreizentrum St. Stefan Wiesendangen, Zimmer 1</div></a></div><div class="event_list_item"><a href="https://www.martin-stefan.ch/stefan/veranstaltung/11163/"><div class="event_date_text">Freitag, 12. Juni 2026, 12.00 Uhr</div><div class="event_title">4. Klass Religionsunterricht</div><div class="event_location">Primarschulhaus Elsau</div></a></div><div class="event_list_item"><a href="https://www.martin-stefan.ch/stefan/veranstaltung/11186/"><div class="event_date_text">Dienstag, 16. Juni 2026, 15.40 Uhr</div><div class="event_title">4. Klass Religionsunterricht</div><div class="event_location">Pfarreizentrum St. Stefan Wiesendangen, Zimmer 1</div></a></div><div class="event_list_item"><a href="https://www.martin-stefan.ch/stefan/veranstaltung/11204/"><div class="event_date_text">Mittwoch, 24. Juni 2026, 12.00 Uhr</div><div class="event_title">4. Klass Religionsunterricht</div><div class="event_location">Pfarreizentrum St. Stefan Wiesendangen, Zimmer 1</div></a></div><div class="event_list_item"><a href="https://www.martin-stefan.ch/stefan/veranstaltung/11164/"><div class="event_date_text">Freitag, 26. Juni 2026, 12.00 Uhr</div><div class="event_title">4. Klass Religionsunterricht</div><div class="event_location">Primarschulhaus Elsau</div></a></div><div class="event_list_item"><a href="https://www.martin-stefan.ch/stefan/veranstaltung/10862/"><div class="event_date_text">Mittwoch, 1. Juli 2026, 14.00 Uhr</div><div class="event_title">Versöhnungsweg für Unti</div><div class="event_location">St. Stefan Wiesendangen</div></a></div></div>

<p>Den zehn Geboten und der Versöhnung widmet sich der Religionsunterricht in der [&hellip;]</p>
