{"id":170,"date":"2018-02-12T16:54:37","date_gmt":"2018-02-12T15:54:37","guid":{"rendered":"http:\/\/martins4.cyon.link\/stefan\/?page_id=170"},"modified":"2022-09-14T10:48:01","modified_gmt":"2022-09-14T08:48:01","slug":"firmung","status":"publish","type":"page","link":"https:\/\/www.martin-stefan.ch\/stefan\/was-tun-bei\/firmung\/","title":{"rendered":"Firmung"},"content":{"rendered":"<p>Die Firmung ist das Sakrament der Festigung und St\u00e4rkung. Der Mensch entscheidet sich bewusst f\u00fcr Gott und bekr\u00e4ftigt damit seine Taufe.<\/p>\n<p>Jesus verspricht den J\u00fcngern seinen Heiligen Geist (Lk 24,49), der in der Geisttaufe am Pfingsttag auf diese niederkommt (Apg 2). Gott schenkt damit allen Menschen den Heiligen Geist. Der Geist Gottes wirkt in und durch uns Menschen.<\/p>\n<p>Mit den Worten: \u00abSei besiegelt durch die Gabe Gottes, den Heiligen Geist\u00bb, erh\u00e4lt der Firmling durch den Firmspender (siehe Apg 8,17) durch Handauflegung und Salbung mit Chrisam-\u00d6l den Geist als St\u00e4rkung von Gott geschenkt.<\/p>\n<p>Der Geist entfaltet in jedem gefirmten Menschen seine Wirkung und verleiht Mut, Kreativit\u00e4t und Tatkraft, Weisheit und Gerechtigkeit. Gaben, die aus ihm einen aufrechten Christen machen, der in der Welt als Zeuge f\u00fcr Gottes Liebe wirkt.<\/p>\n<hr \/>\n<p>&nbsp;<\/p>\n","protected":false},"excerpt":{"rendered":"<p>Die Firmung ist das Sakrament der Festigung und St\u00e4rkung. Der Mensch entscheidet [&hellip;]<\/p>\n","protected":false},"author":1,"featured_media":0,"parent":16,"menu_order":7,"comment_status":"closed","ping_status":"closed","template":"","meta":{"_genesis_hide_title":false,"_genesis_hide_breadcrumbs":false,"_genesis_hide_singular_image":false,"_genesis_hide_footer_widgets":false,"_genesis_custom_body_class":"","_genesis_custom_post_class":"","_genesis_layout":"","_expiration-date-status":"","_expiration-date":0,"_expiration-date-type":"","_expiration-date-categories":[],"_expiration-date-options":[]},"_links":{"self":[{"href":"https:\/\/www.martin-stefan.ch\/stefan\/wp-json\/wp\/v2\/pages\/170"}],"collection":[{"href":"https:\/\/www.martin-stefan.ch\/stefan\/wp-json\/wp\/v2\/pages"}],"about":[{"href":"https:\/\/www.martin-stefan.ch\/stefan\/wp-json\/wp\/v2\/types\/page"}],"author":[{"embeddable":true,"href":"https:\/\/www.martin-stefan.ch\/stefan\/wp-json\/wp\/v2\/users\/1"}],"replies":[{"embeddable":true,"href":"https:\/\/www.martin-stefan.ch\/stefan\/wp-json\/wp\/v2\/comments?post=170"}],"version-history":[{"count":6,"href":"https:\/\/www.martin-stefan.ch\/stefan\/wp-json\/wp\/v2\/pages\/170\/revisions"}],"predecessor-version":[{"id":2946,"href":"https:\/\/www.martin-stefan.ch\/stefan\/wp-json\/wp\/v2\/pages\/170\/revisions\/2946"}],"up":[{"embeddable":true,"href":"https:\/\/www.martin-stefan.ch\/stefan\/wp-json\/wp\/v2\/pages\/16"}],"wp:attachment":[{"href":"https:\/\/www.martin-stefan.ch\/stefan\/wp-json\/wp\/v2\/media?parent=170"}],"curies":[{"name":"wp","href":"https:\/\/api.w.org\/{rel}","templated":true}]}}

<p>Die Firmung ist das Sakrament der Festigung und Stärkung. Der Mensch entscheidet sich bewusst für Gott und bekräftigt damit seine Taufe.</p>
<p>Jesus verspricht den Jüngern seinen Heiligen Geist (Lk 24,49), der in der Geisttaufe am Pfingsttag auf diese niederkommt (Apg 2). Gott schenkt damit allen Menschen den Heiligen Geist. Der Geist Gottes wirkt in und durch uns Menschen.</p>
<p>Mit den Worten: «Sei besiegelt durch die Gabe Gottes, den Heiligen Geist», erhält der Firmling durch den Firmspender (siehe Apg 8,17) durch Handauflegung und Salbung mit Chrisam-Öl den Geist als Stärkung von Gott geschenkt.</p>
<p>Der Geist entfaltet in jedem gefirmten Menschen seine Wirkung und verleiht Mut, Kreativität und Tatkraft, Weisheit und Gerechtigkeit. Gaben, die aus ihm einen aufrechten Christen machen, der in der Welt als Zeuge für Gottes Liebe wirkt.</p>
<hr />
<p>&nbsp;</p>

<p>Die Firmung ist das Sakrament der Festigung und Stärkung. Der Mensch entscheidet [&hellip;]</p>
