{"id":215,"date":"2018-02-12T17:35:17","date_gmt":"2018-02-12T16:35:28","guid":{"rendered":"http:\/\/martins4.cyon.link\/stefan\/?page_id=215"},"modified":"2025-06-18T12:29:44","modified_gmt":"2025-06-18T10:29:44","slug":"sigristen-lektoren-kommunionhelfer","status":"publish","type":"page","link":"https:\/\/www.martin-stefan.ch\/stefan\/angebote\/gruppen\/sigristen-lektoren-kommunionhelfer\/","title":{"rendered":"Sigristen \/ Lektoren \/ Kommunionhelfer"},"content":{"rendered":"<div class=\"col-md-2 default-column hidden-xs\">\n<div class=\"csc-header csc-header-n1\">\n<h3 class=\"csc-firstHeader\">Sigristen<\/h3>\n<\/div>\n<p>Da wir keinen hauptamtlichen Sigristen angestellt haben, verteilt sich der Sigristen-Dienst an den drei Kirchenorten auf Jugendliche und Erwachsene. Die Sigristinnen und Sigristen bereiten am Samstag und Sonntag alles f\u00fcr die Gottesdienste vor und r\u00e4umen nach der Feier wieder auf. Sie reinigen und versorgen die liturgischen Ger\u00e4te, kontrollieren die Gew\u00e4nder und sorgen daf\u00fcr, dass am Schluss die Lichter gel\u00f6scht und die T\u00fcren geschlossen sind.<\/p>\n<h3 class=\"middle-container\">Lektoren und Kommunionhelfer<\/h3>\n<\/div>\n<div class=\"col-md-6 default-column\">\n<div id=\"c321\" class=\"csc-default\">\n<p>Seit dem Zweiten Vatikanischen Konzil ist die aktive und t\u00e4tige Teilnahme von Laien in allen Formen von Gottesdiensten erw\u00fcnscht. F\u00fcr den Vortrag der Lesung und der F\u00fcrbitten werden Lektorinnen und Lektoren eingesetzt. Sie teilen auch die heilige Kommunion aus.<\/p>\n<p>Es sind Frauen und M\u00e4nner, die Freude am Vorlesen haben und sich gerne aktiv am Gottesdienst beteiligen. Vor ihrer Aufnahme ins Lektoren-\/Kommunionhelfer-Team besuchen sie einen eint\u00e4gigen Kurs, wo sie Wissen und Verst\u00e4ndnis \u00fcber den Gottesdienst und insbesondere die heilige Messe sowie die Kommunion auffrischen.<\/p>\n<hr \/>\n<\/div>\n<p>&nbsp;<\/p>\n<\/div>\n","protected":false},"excerpt":{"rendered":"<p>Sigristen Da wir keinen hauptamtlichen Sigristen angestellt haben, verteilt sich der Sigristen-Dienst [&hellip;]<\/p>\n","protected":false},"author":1,"featured_media":0,"parent":204,"menu_order":7,"comment_status":"closed","ping_status":"closed","template":"","meta":{"_genesis_hide_title":false,"_genesis_hide_breadcrumbs":false,"_genesis_hide_singular_image":false,"_genesis_hide_footer_widgets":false,"_genesis_custom_body_class":"","_genesis_custom_post_class":"","_genesis_layout":"","_expiration-date-status":"","_expiration-date":0,"_expiration-date-type":"","_expiration-date-categories":[],"_expiration-date-options":[]},"_links":{"self":[{"href":"https:\/\/www.martin-stefan.ch\/stefan\/wp-json\/wp\/v2\/pages\/215"}],"collection":[{"href":"https:\/\/www.martin-stefan.ch\/stefan\/wp-json\/wp\/v2\/pages"}],"about":[{"href":"https:\/\/www.martin-stefan.ch\/stefan\/wp-json\/wp\/v2\/types\/page"}],"author":[{"embeddable":true,"href":"https:\/\/www.martin-stefan.ch\/stefan\/wp-json\/wp\/v2\/users\/1"}],"replies":[{"embeddable":true,"href":"https:\/\/www.martin-stefan.ch\/stefan\/wp-json\/wp\/v2\/comments?post=215"}],"version-history":[{"count":160,"href":"https:\/\/www.martin-stefan.ch\/stefan\/wp-json\/wp\/v2\/pages\/215\/revisions"}],"predecessor-version":[{"id":4691,"href":"https:\/\/www.martin-stefan.ch\/stefan\/wp-json\/wp\/v2\/pages\/215\/revisions\/4691"}],"up":[{"embeddable":true,"href":"https:\/\/www.martin-stefan.ch\/stefan\/wp-json\/wp\/v2\/pages\/204"}],"wp:attachment":[{"href":"https:\/\/www.martin-stefan.ch\/stefan\/wp-json\/wp\/v2\/media?parent=215"}],"curies":[{"name":"wp","href":"https:\/\/api.w.org\/{rel}","templated":true}]}}