{"id":266,"date":"2018-02-13T10:21:22","date_gmt":"2018-02-13T09:21:22","guid":{"rendered":"http:\/\/martins4.cyon.link\/stefan\/angebote\/unterricht\/firmung-18-2\/"},"modified":"2025-07-04T14:06:31","modified_gmt":"2025-07-04T12:06:31","slug":"firmung-ii-firmkurs","status":"publish","type":"page","link":"https:\/\/www.martin-stefan.ch\/stefan\/angebote\/unterricht\/firmung-ii-firmkurs\/","title":{"rendered":"Firmweg II"},"content":{"rendered":"<p><img loading=\"lazy\" class=\" wp-image-1674 alignright\" src=\"https:\/\/www.martin-stefan.ch\/stefan\/wp-content\/uploads\/sites\/3\/2018\/02\/Logo-Firmkurs.jpg\" alt=\"\" width=\"317\" height=\"178\" srcset=\"https:\/\/www.martin-stefan.ch\/stefan\/wp-content\/uploads\/sites\/3\/2018\/02\/Logo-Firmkurs.jpg 605w, https:\/\/www.martin-stefan.ch\/stefan\/wp-content\/uploads\/sites\/3\/2018\/02\/Logo-Firmkurs-300x169.jpg 300w\" sizes=\"(max-width: 317px) 100vw, 317px\" \/>Zur Firmvorbereitung sind die jungen Erwachsenen ab dem 11. Schuljahr bzw. 2. Lehrjahr eingeladen. Wir denken dar\u00fcber nach, was es bedeutet, Christ zu sein, und wie man als Christ leben kann.<\/p>\n<p>Was bedeutet Firmung \u00fcberhaupt? Das Wort Firmung kommt vom lateinischen Wort <em>\u00abfirmare\u00bb<\/em> und bedeutet <em>\u00abst\u00e4rken, stark machen\u00bb. <\/em>Im Sakrament der Firmung wird man gest\u00e4rkt, um als selbst\u00e4ndiger Christ eigenverantwortlich leben zu k\u00f6nnen.<\/p>\n<p>Christ\/Christin wird man in Etappen: Bei der Taufe haben die Eltern entschieden, dass man zur Kirche geh\u00f6ren soll. Im Sakrament der Firmung best\u00e4tigt man die Taufe und entscheidet sich selbst daf\u00fcr, als Christ zu leben.<br \/>\n<em>= Ein Sakrament ist eine Zeichenhandlung mit Worten, in der Gott einem nahe kommt.<\/em><\/p>\n<p>Mit den Themen &#8220;Ich&#8221;, &#8220;Kirche&#8221;, &#8220;Jesus&#8221;, &#8220;Gott&#8221; und &#8220;Heiliger Geist&#8221; bereiten wir uns inhaltlich auf die Firmung vor.<\/p>\n<br \/><div class=\"event_list_wrapper\"><h4>N\u00e4chste Daten<\/h4><div class=\"event_list_item\"><a href=\"https:\/\/www.martin-stefan.ch\/stefan\/veranstaltung\/10701\/\"><div class=\"event_date_text\">Dienstag, 12. Mai 2026, 19.00 Uhr<\/div><div class=\"event_title\">Firmweg II: Probe<\/div><div class=\"event_location\">Kirche St. Martin Seuzach<\/div><\/a><\/div><div class=\"event_list_item\"><a href=\"https:\/\/www.martin-stefan.ch\/stefan\/veranstaltung\/10700\/\"><div class=\"event_date_text\">Donnerstag, 14. Mai 2026, 16.00 Uhr<\/div><div class=\"event_title\">Firmweg II: Deko<\/div><div class=\"event_location\">Pfarreizentrum St. Martin Seuzach<\/div><\/a><\/div><div class=\"event_list_item\"><a href=\"https:\/\/www.martin-stefan.ch\/stefan\/veranstaltung\/10702\/\"><div class=\"event_date_text\">Freitag, 15. Mai 2026, 18.30 Uhr<\/div><div class=\"event_title\">Firmweg II: Firmznacht\/Generalprobe<\/div><div class=\"event_location\">Pfarreizentrum St. Martin Seuzach<\/div><\/a><\/div><div class=\"event_list_item\"><a href=\"https:\/\/www.martin-stefan.ch\/stefan\/veranstaltung\/10737\/\"><div class=\"event_date_text\">Samstag, 16. Mai 2026, 16.00 Uhr<\/div><div class=\"event_title\">Firmung<\/div><div class=\"event_location\">Kirche St. Martin Seuzach<\/div><\/a><\/div><div class=\"event_list_item\"><a href=\"https:\/\/www.martin-stefan.ch\/stefan\/veranstaltung\/10703\/\"><div class=\"event_date_text\">Samstag, 16. Mai 2026, 17.30 Uhr<\/div><div class=\"event_title\">Firmweg II: Ap\u00e9ro nach der Firmung<\/div><div class=\"event_location\">Pfarreizentrum St. Martin Seuzach<\/div><\/a><\/div><div class=\"event_list_item\"><a href=\"https:\/\/www.martin-stefan.ch\/stefan\/veranstaltung\/10718\/\"><div class=\"event_date_text\">Montag, 1. Juni 2026, 20.00 Uhr<\/div><div class=\"event_title\">Firmweg II: Infoabend zur Firmung 2026\/27<\/div><div class=\"event_location\">Pfarreizentrum St. Martin Seuzach<\/div><\/a><\/div><div class=\"event_list_item\"><a href=\"https:\/\/www.martin-stefan.ch\/stefan\/veranstaltung\/11703\/\"><div class=\"event_date_text\">Sonntag, 6. September 2026, 10.00 Uhr<\/div><div class=\"event_title\">Firmer\u00f6ffnungsgottesdienst<\/div><div class=\"event_location\">Kirche St. Martin Seuzach<\/div><\/a><\/div><div class=\"event_list_item\"><a href=\"https:\/\/www.martin-stefan.ch\/stefan\/veranstaltung\/12054\/\"><div class=\"event_date_text\">Samstag, 12. Juni 2027, 16.00 Uhr<\/div><div class=\"event_title\">Firmung mit Bischofsvikar Dr. Jochen Folz<\/div><div class=\"event_location\">Kirche St. Martin Seuzach<\/div><\/a><\/div><\/div>","protected":false},"excerpt":{"rendered":"<p>Zur Firmvorbereitung sind die jungen Erwachsenen ab dem 11. Schuljahr bzw. 2. [&hellip;]<\/p>\n","protected":false},"author":1,"featured_media":0,"parent":82,"menu_order":7,"comment_status":"closed","ping_status":"closed","template":"","meta":{"_genesis_hide_title":false,"_genesis_hide_breadcrumbs":false,"_genesis_hide_singular_image":false,"_genesis_hide_footer_widgets":false,"_genesis_custom_body_class":"","_genesis_custom_post_class":"","_genesis_layout":"","_expiration-date-status":"","_expiration-date":0,"_expiration-date-type":"","_expiration-date-categories":[],"_expiration-date-options":[]},"_links":{"self":[{"href":"https:\/\/www.martin-stefan.ch\/stefan\/wp-json\/wp\/v2\/pages\/266"}],"collection":[{"href":"https:\/\/www.martin-stefan.ch\/stefan\/wp-json\/wp\/v2\/pages"}],"about":[{"href":"https:\/\/www.martin-stefan.ch\/stefan\/wp-json\/wp\/v2\/types\/page"}],"author":[{"embeddable":true,"href":"https:\/\/www.martin-stefan.ch\/stefan\/wp-json\/wp\/v2\/users\/1"}],"replies":[{"embeddable":true,"href":"https:\/\/www.martin-stefan.ch\/stefan\/wp-json\/wp\/v2\/comments?post=266"}],"version-history":[{"count":26,"href":"https:\/\/www.martin-stefan.ch\/stefan\/wp-json\/wp\/v2\/pages\/266\/revisions"}],"predecessor-version":[{"id":4414,"href":"https:\/\/www.martin-stefan.ch\/stefan\/wp-json\/wp\/v2\/pages\/266\/revisions\/4414"}],"up":[{"embeddable":true,"href":"https:\/\/www.martin-stefan.ch\/stefan\/wp-json\/wp\/v2\/pages\/82"}],"wp:attachment":[{"href":"https:\/\/www.martin-stefan.ch\/stefan\/wp-json\/wp\/v2\/media?parent=266"}],"curies":[{"name":"wp","href":"https:\/\/api.w.org\/{rel}","templated":true}]}}

<p><img loading="lazy" class=" wp-image-1674 alignright" src="https://www.martin-stefan.ch/stefan/wp-content/uploads/sites/3/2018/02/Logo-Firmkurs.jpg" alt="" width="317" height="178" srcset="https://www.martin-stefan.ch/stefan/wp-content/uploads/sites/3/2018/02/Logo-Firmkurs.jpg 605w, https://www.martin-stefan.ch/stefan/wp-content/uploads/sites/3/2018/02/Logo-Firmkurs-300x169.jpg 300w" sizes="(max-width: 317px) 100vw, 317px" />Zur Firmvorbereitung sind die jungen Erwachsenen ab dem 11. Schuljahr bzw. 2. Lehrjahr eingeladen. Wir denken darüber nach, was es bedeutet, Christ zu sein, und wie man als Christ leben kann.</p>
<p>Was bedeutet Firmung überhaupt? Das Wort Firmung kommt vom lateinischen Wort <em>«firmare»</em> und bedeutet <em>«stärken, stark machen». </em>Im Sakrament der Firmung wird man gestärkt, um als selbständiger Christ eigenverantwortlich leben zu können.</p>
<p>Christ/Christin wird man in Etappen: Bei der Taufe haben die Eltern entschieden, dass man zur Kirche gehören soll. Im Sakrament der Firmung bestätigt man die Taufe und entscheidet sich selbst dafür, als Christ zu leben.<br />
<em>= Ein Sakrament ist eine Zeichenhandlung mit Worten, in der Gott einem nahe kommt.</em></p>
<p>Mit den Themen &#8220;Ich&#8221;, &#8220;Kirche&#8221;, &#8220;Jesus&#8221;, &#8220;Gott&#8221; und &#8220;Heiliger Geist&#8221; bereiten wir uns inhaltlich auf die Firmung vor.</p>
<br /><div class="event_list_wrapper"><h4>Nächste Daten</h4><div class="event_list_item"><a href="https://www.martin-stefan.ch/stefan/veranstaltung/10701/"><div class="event_date_text">Dienstag, 12. Mai 2026, 19.00 Uhr</div><div class="event_title">Firmweg II: Probe</div><div class="event_location">Kirche St. Martin Seuzach</div></a></div><div class="event_list_item"><a href="https://www.martin-stefan.ch/stefan/veranstaltung/10700/"><div class="event_date_text">Donnerstag, 14. Mai 2026, 16.00 Uhr</div><div class="event_title">Firmweg II: Deko</div><div class="event_location">Pfarreizentrum St. Martin Seuzach</div></a></div><div class="event_list_item"><a href="https://www.martin-stefan.ch/stefan/veranstaltung/10702/"><div class="event_date_text">Freitag, 15. Mai 2026, 18.30 Uhr</div><div class="event_title">Firmweg II: Firmznacht/Generalprobe</div><div class="event_location">Pfarreizentrum St. Martin Seuzach</div></a></div><div class="event_list_item"><a href="https://www.martin-stefan.ch/stefan/veranstaltung/10737/"><div class="event_date_text">Samstag, 16. Mai 2026, 16.00 Uhr</div><div class="event_title">Firmung</div><div class="event_location">Kirche St. Martin Seuzach</div></a></div><div class="event_list_item"><a href="https://www.martin-stefan.ch/stefan/veranstaltung/10703/"><div class="event_date_text">Samstag, 16. Mai 2026, 17.30 Uhr</div><div class="event_title">Firmweg II: Apéro nach der Firmung</div><div class="event_location">Pfarreizentrum St. Martin Seuzach</div></a></div><div class="event_list_item"><a href="https://www.martin-stefan.ch/stefan/veranstaltung/10718/"><div class="event_date_text">Montag, 1. Juni 2026, 20.00 Uhr</div><div class="event_title">Firmweg II: Infoabend zur Firmung 2026/27</div><div class="event_location">Pfarreizentrum St. Martin Seuzach</div></a></div><div class="event_list_item"><a href="https://www.martin-stefan.ch/stefan/veranstaltung/11703/"><div class="event_date_text">Sonntag, 6. September 2026, 10.00 Uhr</div><div class="event_title">Firmeröffnungsgottesdienst</div><div class="event_location">Kirche St. Martin Seuzach</div></a></div><div class="event_list_item"><a href="https://www.martin-stefan.ch/stefan/veranstaltung/12054/"><div class="event_date_text">Samstag, 12. Juni 2027, 16.00 Uhr</div><div class="event_title">Firmung mit Bischofsvikar Dr. Jochen Folz</div><div class="event_location">Kirche St. Martin Seuzach</div></a></div></div>
