{"id":280,"date":"2018-02-13T10:44:17","date_gmt":"2018-02-13T09:44:40","guid":{"rendered":"http:\/\/martins4.cyon.link\/stefan\/angebote\/gottesdienste\/fiire-mit-de-chliine-chinderchlie-2-2\/"},"modified":"2022-09-14T10:47:58","modified_gmt":"2022-09-14T08:47:58","slug":"fiire-mit-de-chliine-chinderchile","status":"publish","type":"page","link":"https:\/\/www.martin-stefan.ch\/stefan\/angebote\/oekumene\/fiire-mit-de-chliine-chinderchile\/","title":{"rendered":"Fiire mit de Chliine \/ Chinderchile"},"content":{"rendered":"<p><img loading=\"lazy\" class=\"alignright wp-image-615 size-medium\" src=\"http:\/\/www.martin-stefan.ch\/stefan\/wp-content\/uploads\/sites\/3\/2018\/02\/Fiire-mit-de-Chliine-1-300x248.jpg\" alt=\"\" width=\"300\" height=\"248\" srcset=\"https:\/\/www.martin-stefan.ch\/stefan\/wp-content\/uploads\/sites\/3\/2018\/02\/Fiire-mit-de-Chliine-1-300x248.jpg 300w, https:\/\/www.martin-stefan.ch\/stefan\/wp-content\/uploads\/sites\/3\/2018\/02\/Fiire-mit-de-Chliine-1.jpg 720w\" sizes=\"(max-width: 300px) 100vw, 300px\" \/>Die \u00f6kumenisch gefeierten Kleinkinder-Gottesdienste &#8220;Fiire mit de Chliine&#8221; in Elsau und Sulz sowie &#8220;Chinderchile&#8221; in Wiesendangen werden von je einem Team vor Ort vorbereitet.<\/p>\n<p>Eingeladen sind Kinder bis ca. 6 Jahre in Begleitung ihrer Eltern, Grosseltern, Geschwister&#8230; Die Themen sind vielf\u00e4ltig. Passend zur Geschichte basteln die Kinder ein &#8220;Bhaltis&#8221;, das sie dann nach Hause nehmen d\u00fcrfen. Es ist eine Feier mit Kindern und f\u00fcr Kinder, es ist also nie ganz still und ruhig.<\/p>\n<br \/><div class=\"event_list_wrapper\"><h4>N\u00e4chste Daten<\/h4><div class=\"event_list_item\"><a href=\"https:\/\/www.martin-stefan.ch\/stefan\/veranstaltung\/11608\/\"><div class=\"event_date_text\">Donnerstag, 7. Mai 2026, 9.15 Uhr<\/div><div class=\"event_title\">Fiire mit de Chliine<\/div><div class=\"event_location\">ref. Kirche Elsau<\/div><\/a><\/div><div class=\"event_list_item\"><a href=\"https:\/\/www.martin-stefan.ch\/stefan\/veranstaltung\/11897\/\"><div class=\"event_date_text\">Mittwoch, 20. Mai 2026, 16.00 Uhr<\/div><div class=\"event_title\">Chinderchile<\/div><div class=\"event_location\">ref. Kirche Wiesendangen<\/div><\/a><\/div><div class=\"event_list_item\"><a href=\"https:\/\/www.martin-stefan.ch\/stefan\/veranstaltung\/11609\/\"><div class=\"event_date_text\">Donnerstag, 4. Juni 2026, 9.15 Uhr<\/div><div class=\"event_title\">Fiire mit de Chliine<\/div><div class=\"event_location\">ref. Kirche Elsau<\/div><\/a><\/div><div class=\"event_list_item\"><a href=\"https:\/\/www.martin-stefan.ch\/stefan\/veranstaltung\/11898\/\"><div class=\"event_date_text\">Mittwoch, 24. Juni 2026, 16.00 Uhr<\/div><div class=\"event_title\">Chinderchile<\/div><div class=\"event_location\">St. Stefan Wiesendangen<\/div><\/a><\/div><div class=\"event_list_item\"><a href=\"https:\/\/www.martin-stefan.ch\/stefan\/veranstaltung\/11610\/\"><div class=\"event_date_text\">Donnerstag, 2. Juli 2026, 9.15 Uhr<\/div><div class=\"event_title\">Fiire mit de Chliine<\/div><div class=\"event_location\">ref. Kirche Elsau<\/div><\/a><\/div><div class=\"event_list_item\"><a href=\"https:\/\/www.martin-stefan.ch\/stefan\/veranstaltung\/11899\/\"><div class=\"event_date_text\">Mittwoch, 26. August 2026, 16.00 Uhr<\/div><div class=\"event_title\">Chinderchile<\/div><div class=\"event_location\">ref. Kirche Wiesendangen<\/div><\/a><\/div><div class=\"event_list_item\"><a href=\"https:\/\/www.martin-stefan.ch\/stefan\/veranstaltung\/11611\/\"><div class=\"event_date_text\">Donnerstag, 3. September 2026, 9.15 Uhr<\/div><div class=\"event_title\">Fiire mit de Chliine<\/div><div class=\"event_location\">ref. Kirche Elsau<\/div><\/a><\/div><div class=\"event_list_item\"><a href=\"https:\/\/www.martin-stefan.ch\/stefan\/veranstaltung\/11900\/\"><div class=\"event_date_text\">Mittwoch, 23. September 2026, 16.00 Uhr<\/div><div class=\"event_title\">Chinderchile<\/div><div class=\"event_location\">St. Stefan Wiesendangen<\/div><\/a><\/div><div class=\"event_list_item\"><a href=\"https:\/\/www.martin-stefan.ch\/stefan\/veranstaltung\/11612\/\"><div class=\"event_date_text\">Donnerstag, 1. Oktober 2026, 9.15 Uhr<\/div><div class=\"event_title\">Fiire mit de Chliine<\/div><div class=\"event_location\">ref. Kirche Elsau<\/div><\/a><\/div><div class=\"event_list_item\"><a href=\"https:\/\/www.martin-stefan.ch\/stefan\/veranstaltung\/11901\/\"><div class=\"event_date_text\">Mittwoch, 28. Oktober 2026, 16.00 Uhr<\/div><div class=\"event_title\">Chinderchile<\/div><div class=\"event_location\">ref. Kirche Wiesendangen<\/div><\/a><\/div><div class=\"event_list_item\"><a href=\"https:\/\/www.martin-stefan.ch\/stefan\/veranstaltung\/11613\/\"><div class=\"event_date_text\">Donnerstag, 5. November 2026, 9.15 Uhr<\/div><div class=\"event_title\">Fiire mit de Chliine<\/div><div class=\"event_location\">ref. Kirche Elsau<\/div><\/a><\/div><div class=\"event_list_item\"><a href=\"https:\/\/www.martin-stefan.ch\/stefan\/veranstaltung\/11614\/\"><div class=\"event_date_text\">Donnerstag, 3. Dezember 2026, 9.15 Uhr<\/div><div class=\"event_title\">Fiire mit de Chliine<\/div><div class=\"event_location\">ref. Kirche Elsau<\/div><\/a><\/div><div class=\"event_list_item\"><a href=\"https:\/\/www.martin-stefan.ch\/stefan\/veranstaltung\/11902\/\"><div class=\"event_date_text\">Mittwoch, 9. Dezember 2026, 16.00 Uhr<\/div><div class=\"event_title\">Chinderchile<\/div><div class=\"event_location\">St. Stefan Wiesendangen<\/div><\/a><\/div><div class=\"event_list_item\"><a href=\"https:\/\/www.martin-stefan.ch\/stefan\/veranstaltung\/11604\/\"><div class=\"event_date_text\">Mittwoch, 16. Dezember 2026, 18.00 Uhr<\/div><div class=\"event_title\">Fiire mit de Chliine<\/div><div class=\"event_location\">ref. Kirchgemeindehaus Elsau<\/div><\/a><\/div><\/div>","protected":false},"excerpt":{"rendered":"<p>Die \u00f6kumenisch gefeierten Kleinkinder-Gottesdienste &#8220;Fiire mit de Chliine&#8221; in Elsau und Sulz [&hellip;]<\/p>\n","protected":false},"author":1,"featured_media":0,"parent":96,"menu_order":2,"comment_status":"closed","ping_status":"closed","template":"","meta":{"_genesis_hide_title":false,"_genesis_hide_breadcrumbs":false,"_genesis_hide_singular_image":false,"_genesis_hide_footer_widgets":false,"_genesis_custom_body_class":"","_genesis_custom_post_class":"","_genesis_layout":"","_expiration-date-status":"","_expiration-date":0,"_expiration-date-type":"","_expiration-date-categories":[],"_expiration-date-options":[]},"_links":{"self":[{"href":"https:\/\/www.martin-stefan.ch\/stefan\/wp-json\/wp\/v2\/pages\/280"}],"collection":[{"href":"https:\/\/www.martin-stefan.ch\/stefan\/wp-json\/wp\/v2\/pages"}],"about":[{"href":"https:\/\/www.martin-stefan.ch\/stefan\/wp-json\/wp\/v2\/types\/page"}],"author":[{"embeddable":true,"href":"https:\/\/www.martin-stefan.ch\/stefan\/wp-json\/wp\/v2\/users\/1"}],"replies":[{"embeddable":true,"href":"https:\/\/www.martin-stefan.ch\/stefan\/wp-json\/wp\/v2\/comments?post=280"}],"version-history":[{"count":5,"href":"https:\/\/www.martin-stefan.ch\/stefan\/wp-json\/wp\/v2\/pages\/280\/revisions"}],"predecessor-version":[{"id":785,"href":"https:\/\/www.martin-stefan.ch\/stefan\/wp-json\/wp\/v2\/pages\/280\/revisions\/785"}],"up":[{"embeddable":true,"href":"https:\/\/www.martin-stefan.ch\/stefan\/wp-json\/wp\/v2\/pages\/96"}],"wp:attachment":[{"href":"https:\/\/www.martin-stefan.ch\/stefan\/wp-json\/wp\/v2\/media?parent=280"}],"curies":[{"name":"wp","href":"https:\/\/api.w.org\/{rel}","templated":true}]}}